Last updated on 2025-11-03 00:50:21 CET.
| Flavor | Version | Tinstall | Tcheck | Ttotal | Status | Flags | 
|---|---|---|---|---|---|---|
| r-devel-linux-x86_64-debian-clang | 0.3.0 | 4.20 | 62.93 | 67.13 | NOTE | |
| r-devel-linux-x86_64-debian-gcc | 0.3.0 | 2.79 | 44.40 | 47.19 | NOTE | |
| r-devel-linux-x86_64-fedora-clang | 0.3.0 | 10.00 | 95.17 | 105.17 | OK | |
| r-devel-linux-x86_64-fedora-gcc | 0.3.0 | 10.00 | 102.44 | 112.44 | OK | |
| r-devel-windows-x86_64 | 0.3.0 | 5.00 | 81.00 | 86.00 | OK | |
| r-patched-linux-x86_64 | 0.3.0 | 4.95 | 58.55 | 63.50 | OK | |
| r-release-linux-x86_64 | 0.3.0 | 3.75 | 59.42 | 63.17 | OK | |
| r-release-macos-arm64 | 0.3.0 | 2.00 | 44.00 | 46.00 | OK | |
| r-release-macos-x86_64 | 0.3.0 | 3.00 | 67.00 | 70.00 | OK | |
| r-release-windows-x86_64 | 0.3.0 | 5.00 | 80.00 | 85.00 | OK | |
| r-oldrel-macos-arm64 | 0.3.0 | 2.00 | 31.00 | 33.00 | OK | |
| r-oldrel-macos-x86_64 | 0.3.0 | 3.00 | 52.00 | 55.00 | OK | |
| r-oldrel-windows-x86_64 | 0.3.0 | 5.00 | 97.00 | 102.00 | OK | 
Version: 0.3.0
Check: CRAN incoming feasibility
Result: NOTE
  Maintainer: ‘Clare Horscroft <chorscroft@aol.co.uk>’
  
  No Authors@R field in DESCRIPTION.
  Please add one, modifying
    Authors@R: person(given = "Clare",
                      family = "Horscroft",
                      role = c("aut", "cre"),
                      email = "chorscroft@aol.co.uk")
  as necessary.
Flavors: r-devel-linux-x86_64-debian-clang, r-devel-linux-x86_64-debian-gcc