Last updated on 2025-11-24 00:48:58 CET.
| Flavor | Version | Tinstall | Tcheck | Ttotal | Status | Flags |
|---|---|---|---|---|---|---|
| r-devel-linux-x86_64-debian-clang | 0.2-3 | 5.90 | 57.53 | 63.43 | NOTE | |
| r-devel-linux-x86_64-debian-gcc | 0.2-3 | 4.67 | 43.73 | 48.40 | NOTE | |
| r-devel-linux-x86_64-fedora-clang | 0.2-3 | 14.00 | 81.41 | 95.41 | NOTE | |
| r-devel-linux-x86_64-fedora-gcc | 0.2-3 | 13.00 | 81.17 | 94.17 | NOTE | |
| r-devel-windows-x86_64 | 0.2-3 | 7.00 | 67.00 | 74.00 | NOTE | |
| r-patched-linux-x86_64 | 0.2-3 | 5.54 | 55.58 | 61.12 | NOTE | |
| r-release-linux-x86_64 | 0.2-3 | 6.15 | 55.13 | 61.28 | NOTE | |
| r-release-macos-arm64 | 0.2-3 | NOTE | ||||
| r-release-macos-x86_64 | 0.2-3 | 6.00 | 58.00 | 64.00 | NOTE | |
| r-release-windows-x86_64 | 0.2-3 | 7.00 | 77.00 | 84.00 | NOTE | |
| r-oldrel-macos-arm64 | 0.2-3 | NOTE | ||||
| r-oldrel-macos-x86_64 | 0.2-3 | 5.00 | 41.00 | 46.00 | NOTE | |
| r-oldrel-windows-x86_64 | 0.2-3 | 10.00 | 78.00 | 88.00 | NOTE |
Version: 0.2-3
Check: Rd files
Result: NOTE
checkRd: (-1) xwfGridsearch.Rd:27: Lost braces; missing escapes or markup?
27 | \item{iter}{Number of levels in the adaptive grid search. The resolution in b obtained is 2^{-1-iter}.}
| ^
Flavors: r-devel-linux-x86_64-debian-clang, r-devel-linux-x86_64-debian-gcc, r-devel-linux-x86_64-fedora-clang, r-devel-linux-x86_64-fedora-gcc, r-devel-windows-x86_64, r-patched-linux-x86_64, r-release-linux-x86_64, r-release-macos-arm64, r-release-macos-x86_64, r-release-windows-x86_64, r-oldrel-macos-arm64, r-oldrel-macos-x86_64, r-oldrel-windows-x86_64