CRAN Package Check Results for Package xtsum

Last updated on 2025-11-24 00:48:58 CET.

Flavor Version Tinstall Tcheck Ttotal Status Flags
r-devel-linux-x86_64-debian-clang 0.1.0 13.14 210.94 224.08 NOTE
r-devel-linux-x86_64-debian-gcc 0.1.0 11.45 127.86 139.31 NOTE
r-devel-linux-x86_64-fedora-clang 0.1.0 66.00 320.81 386.81 OK
r-devel-linux-x86_64-fedora-gcc 0.1.0 27.00 273.04 300.04 OK
r-devel-windows-x86_64 0.1.0 18.00 187.00 205.00 OK
r-patched-linux-x86_64 0.1.0 13.23 200.48 213.71 OK
r-release-linux-x86_64 0.1.0 11.15 200.32 211.47 OK
r-release-macos-arm64 0.1.0 OK
r-release-macos-x86_64 0.1.0 12.00 170.00 182.00 OK
r-release-windows-x86_64 0.1.0 15.00 211.00 226.00 OK
r-oldrel-macos-arm64 0.1.0 OK
r-oldrel-macos-x86_64 0.1.0 10.00 130.00 140.00 OK
r-oldrel-windows-x86_64 0.1.0 22.00 252.00 274.00 OK

Check Details

Version: 0.1.0
Check: CRAN incoming feasibility
Result: NOTE Maintainer: ‘Joao Claudio Macosso <joaoclaudiomacosso@gmail.com>’ No Authors@R field in DESCRIPTION. Please add one, modifying Authors@R: person(given = c("Joao", "Claudio"), family = "Macosso", role = c("aut", "cre"), email = "joaoclaudiomacosso@gmail.com") as necessary. Flavors: r-devel-linux-x86_64-debian-clang, r-devel-linux-x86_64-debian-gcc