Last updated on 2025-07-18 01:49:32 CEST.
Flavor | Version | Tinstall | Tcheck | Ttotal | Status | Flags |
---|---|---|---|---|---|---|
r-devel-linux-x86_64-debian-clang | 0.1-2 | 11.44 | 181.30 | 192.74 | OK | |
r-devel-linux-x86_64-debian-gcc | 0.1-3 | 7.00 | 120.99 | 127.99 | OK | |
r-devel-linux-x86_64-fedora-clang | 0.1-3 | 278.22 | OK | |||
r-devel-linux-x86_64-fedora-gcc | 0.1-3 | 287.46 | OK | |||
r-devel-windows-x86_64 | 0.1-2 | 28.00 | 484.00 | 512.00 | OK | |
r-patched-linux-x86_64 | 0.1-2 | 9.53 | 178.10 | 187.63 | OK | |
r-release-linux-x86_64 | 0.1-2 | 10.16 | 178.05 | 188.21 | OK | |
r-release-macos-arm64 | 0.1-2 | 87.00 | OK | |||
r-release-macos-x86_64 | 0.1-3 | 240.00 | OK | |||
r-release-windows-x86_64 | 0.1-2 | 26.00 | 473.00 | 499.00 | OK | |
r-oldrel-macos-arm64 | 0.1-2 | 82.00 | NOTE | |||
r-oldrel-macos-x86_64 | 0.1-3 | 245.00 | NOTE | |||
r-oldrel-windows-x86_64 | 0.1-2 | 27.00 | 456.00 | 483.00 | OK |
Version: 0.1-2
Check: installed package size
Result: NOTE
installed size is 21.8Mb
sub-directories of 1Mb or more:
Fonts 1.3Mb
libs 19.7Mb
Flavor: r-oldrel-macos-arm64
Version: 0.1-3
Check: installed package size
Result: NOTE
installed size is 23.2Mb
sub-directories of 1Mb or more:
Fonts 1.3Mb
libs 21.1Mb
Flavor: r-oldrel-macos-x86_64