CRAN Package Check Results for Package wkutils

Last updated on 2025-07-18 01:49:32 CEST.

Flavor Version Tinstall Tcheck Ttotal Status Flags
r-devel-linux-x86_64-debian-clang 0.1.3 49.27 32.16 81.43 NOTE
r-devel-linux-x86_64-debian-gcc 0.1.3 40.09 25.67 65.76 NOTE
r-devel-linux-x86_64-fedora-clang 0.1.3 144.35 NOTE
r-devel-linux-x86_64-fedora-gcc 0.1.3 156.36 NOTE
r-devel-windows-x86_64 0.1.3 64.00 80.00 144.00 NOTE
r-patched-linux-x86_64 0.1.3 56.24 29.93 86.17 NOTE
r-release-linux-x86_64 0.1.3 57.13 29.41 86.54 NOTE
r-release-macos-arm64 0.1.3 55.00 NOTE
r-release-macos-x86_64 0.1.3 75.00 NOTE
r-release-windows-x86_64 0.1.3 65.00 79.00 144.00 NOTE
r-oldrel-macos-arm64 0.1.3 42.00 NOTE
r-oldrel-macos-x86_64 0.1.3 46.00 NOTE
r-oldrel-windows-x86_64 0.1.3 76.00 94.00 170.00 NOTE

Check Details

Version: 0.1.3
Check: C++ specification
Result: NOTE Specified C++11: please drop specification unless essential Flavors: r-devel-linux-x86_64-debian-clang, r-devel-linux-x86_64-debian-gcc, r-devel-linux-x86_64-fedora-clang, r-devel-linux-x86_64-fedora-gcc, r-devel-windows-x86_64, r-patched-linux-x86_64, r-release-linux-x86_64, r-release-macos-arm64, r-release-macos-x86_64, r-release-windows-x86_64, r-oldrel-macos-arm64, r-oldrel-macos-x86_64, r-oldrel-windows-x86_64

Version: 0.1.3
Check: Rd cross-references
Result: NOTE Found the following Rd file(s) with Rd \link{} targets missing package anchors: wkt_plot.Rd: wkt, wkb Please provide package anchors for all Rd \link{} targets not in the package itself and the base packages. Flavors: r-devel-linux-x86_64-debian-clang, r-devel-linux-x86_64-debian-gcc, r-devel-windows-x86_64, r-patched-linux-x86_64, r-release-linux-x86_64, r-release-windows-x86_64