CRAN Package Check Results for Package vtype

Last updated on 2025-11-24 00:48:58 CET.

Flavor Version Tinstall Tcheck Ttotal Status Flags
r-devel-linux-x86_64-debian-clang 0.8 2.54 27.66 30.20 NOTE
r-devel-linux-x86_64-debian-gcc 0.8 1.86 22.55 24.41 NOTE
r-devel-linux-x86_64-fedora-clang 0.8 46.34 OK
r-devel-linux-x86_64-fedora-gcc 0.8 57.76 OK
r-devel-windows-x86_64 0.8 6.00 52.00 58.00 OK
r-patched-linux-x86_64 0.8 2.37 26.50 28.87 OK
r-release-linux-x86_64 0.8 2.07 26.40 28.47 OK
r-release-macos-arm64 0.8 OK
r-release-macos-x86_64 0.8 3.00 46.00 49.00 OK
r-release-windows-x86_64 0.8 5.00 61.00 66.00 OK
r-oldrel-macos-arm64 0.8 OK
r-oldrel-macos-x86_64 0.8 3.00 37.00 40.00 OK
r-oldrel-windows-x86_64 0.8 4.00 57.00 61.00 OK

Check Details

Version: 0.8
Check: CRAN incoming feasibility
Result: NOTE Maintainer: ‘Andreas Schulz <ades-s@web.de>’ No Authors@R field in DESCRIPTION. Please add one, modifying Authors@R: c(person(given = "Andreas", family = "Schulz", role = "cre", email = "ades-s@web.de"), person(family = "PhD", role = c("aut", "cre"))) as necessary. Flavors: r-devel-linux-x86_64-debian-clang, r-devel-linux-x86_64-debian-gcc