Last updated on 2025-11-03 00:50:20 CET.
| Flavor | Version | Tinstall | Tcheck | Ttotal | Status | Flags | 
|---|---|---|---|---|---|---|
| r-devel-linux-x86_64-debian-clang | 0.2.3 | 16.12 | 97.18 | 113.30 | NOTE | |
| r-devel-linux-x86_64-debian-gcc | 0.2.3 | 10.36 | 70.11 | 80.47 | NOTE | |
| r-devel-linux-x86_64-fedora-clang | 0.2.3 | 33.00 | 138.77 | 171.77 | NOTE | |
| r-devel-linux-x86_64-fedora-gcc | 0.2.3 | 28.00 | 145.52 | 173.52 | NOTE | |
| r-devel-windows-x86_64 | 0.2.3 | 22.00 | 108.00 | 130.00 | NOTE | |
| r-patched-linux-x86_64 | 0.2.3 | 13.43 | 91.99 | 105.42 | NOTE | |
| r-release-linux-x86_64 | 0.2.3 | 14.12 | 90.69 | 104.81 | NOTE | |
| r-release-macos-arm64 | 0.2.3 | 5.00 | 41.00 | 46.00 | OK | |
| r-release-macos-x86_64 | 0.2.3 | 12.00 | 90.00 | 102.00 | OK | |
| r-release-windows-x86_64 | 0.2.3 | 21.00 | 107.00 | 128.00 | NOTE | |
| r-oldrel-macos-arm64 | 0.2.3 | 6.00 | 43.00 | 49.00 | NOTE | |
| r-oldrel-macos-x86_64 | 0.2.3 | 9.00 | 68.00 | 77.00 | NOTE | |
| r-oldrel-windows-x86_64 | 0.2.3 | 30.00 | 134.00 | 164.00 | NOTE | 
Version: 0.2.3
Check: Rd cross-references
Result: NOTE
  Found the following Rd file(s) with Rd \link{} targets missing package
  anchors:
    ctd_cast.Rd: ctdFindProfiles
    vpr_manual_classification.Rd: image_scale
  Please provide package anchors for all Rd \link{} targets not in the
  package itself and the base packages.
Flavors: r-devel-linux-x86_64-debian-clang, r-devel-linux-x86_64-debian-gcc, r-devel-windows-x86_64, r-patched-linux-x86_64, r-release-linux-x86_64, r-release-windows-x86_64
Version: 0.2.3
Check: dependencies in R code
Result: NOTE
  Namespace in Imports field not imported from: ‘usethis’
    All declared Imports should be used.
Flavors: r-devel-linux-x86_64-fedora-clang, r-devel-linux-x86_64-fedora-gcc
Version: 0.2.3
Check: installed package size
Result: NOTE
    installed size is  9.7Mb
    sub-directories of 1Mb or more:
      extdata   8.4Mb
Flavors: r-oldrel-macos-arm64, r-oldrel-macos-x86_64, r-oldrel-windows-x86_64