Last updated on 2025-11-03 00:50:20 CET.
| Flavor | Version | Tinstall | Tcheck | Ttotal | Status | Flags | 
|---|---|---|---|---|---|---|
| r-devel-linux-x86_64-debian-clang | 1.2.1 | 92.26 | 68.54 | 160.80 | OK | |
| r-devel-linux-x86_64-debian-gcc | 1.2.1 | 76.69 | 51.08 | 127.77 | OK | |
| r-devel-linux-x86_64-fedora-clang | 1.2.1 | 149.00 | 112.08 | 261.08 | OK | |
| r-devel-linux-x86_64-fedora-gcc | 1.2.1 | 172.00 | 118.02 | 290.02 | OK | |
| r-devel-windows-x86_64 | 1.2.1 | 186.00 | 244.00 | 430.00 | OK | |
| r-patched-linux-x86_64 | 1.2.1 | 99.03 | 65.72 | 164.75 | OK | |
| r-release-linux-x86_64 | 1.2.1 | 96.01 | 65.65 | 161.66 | OK | |
| r-release-macos-arm64 | 1.2.1 | 59.00 | 39.00 | 98.00 | OK | |
| r-release-macos-x86_64 | 1.2.1 | 66.00 | 82.00 | 148.00 | OK | |
| r-release-windows-x86_64 | 1.2.1 | 192.00 | 292.00 | 484.00 | OK | |
| r-oldrel-macos-arm64 | 1.2.1 | 57.00 | 44.00 | 101.00 | NOTE | |
| r-oldrel-macos-x86_64 | 1.2.1 | 66.00 | 85.00 | 151.00 | NOTE | |
| r-oldrel-windows-x86_64 | 1.2.1 | 222.00 | 334.00 | 556.00 | NOTE | 
Version: 1.2.1
Check: installed package size
Result: NOTE
    installed size is 27.0Mb
    sub-directories of 1Mb or more:
      extdata   1.6Mb
      libs     25.1Mb
Flavors: r-oldrel-macos-arm64, r-oldrel-macos-x86_64, r-oldrel-windows-x86_64
Version: 1.2.1
Check: for GNU extensions in Makefiles
Result: NOTE
  GNU make is a SystemRequirements.
Flavors: r-oldrel-macos-arm64, r-oldrel-macos-x86_64, r-oldrel-windows-x86_64