Last updated on 2024-05-10 02:05:47 CEST.
Flavor | Version | Tinstall | Tcheck | Ttotal | Status | Flags |
---|---|---|---|---|---|---|
r-devel-linux-x86_64-debian-clang | 2.6-4 | 47.10 | 379.03 | 426.13 | NOTE | |
r-devel-linux-x86_64-debian-gcc | 2.6-4 | 32.08 | 261.17 | 293.25 | NOTE | |
r-devel-linux-x86_64-fedora-clang | 2.6-4 | 492.21 | NOTE | |||
r-devel-linux-x86_64-fedora-gcc | 2.6-4 | 564.90 | NOTE | |||
r-devel-windows-x86_64 | 2.6-4 | 46.00 | 361.00 | 407.00 | NOTE | |
r-patched-linux-x86_64 | 2.6-4 | 53.63 | 353.44 | 407.07 | NOTE | |
r-release-linux-x86_64 | 2.6-4 | 49.70 | 346.28 | 395.98 | NOTE | |
r-release-macos-arm64 | 2.6-4 | 139.00 | NOTE | |||
r-release-windows-x86_64 | 2.6-4 | 45.00 | 360.00 | 405.00 | NOTE | |
r-oldrel-macos-arm64 | 2.6-4 | 154.00 | OK | |||
r-oldrel-macos-x86_64 | 2.6-4 | 261.00 | OK | |||
r-oldrel-windows-x86_64 | 2.6-4 | 59.00 | 416.00 | 475.00 | OK |
Version: 2.6-4
Check: Rd files
Result: NOTE
checkRd: (-1) clamtest.Rd:91: Lost braces in \itemize; \value handles \item{}{} directly
checkRd: (-1) clamtest.Rd:92: Lost braces in \itemize; \value handles \item{}{} directly
checkRd: (-1) clamtest.Rd:93: Lost braces in \itemize; \value handles \item{}{} directly
checkRd: (-1) clamtest.Rd:94-96: Lost braces in \itemize; \value handles \item{}{} directly
checkRd: (-1) commsim.Rd:52: Lost braces in \itemize; meant \describe ?
checkRd: (-1) commsim.Rd:53: Lost braces in \itemize; meant \describe ?
checkRd: (-1) commsim.Rd:54: Lost braces in \itemize; meant \describe ?
checkRd: (-1) commsim.Rd:55: Lost braces in \itemize; meant \describe ?
checkRd: (-1) commsim.Rd:56: Lost braces in \itemize; meant \describe ?
checkRd: (-1) commsim.Rd:57: Lost braces in \itemize; meant \describe ?
checkRd: (-1) commsim.Rd:58: Lost braces in \itemize; meant \describe ?
checkRd: (-1) commsim.Rd:59: Lost braces in \itemize; meant \describe ?
checkRd: (-1) commsim.Rd:60: Lost braces in \itemize; meant \describe ?
checkRd: (-1) commsim.Rd:61: Lost braces in \itemize; meant \describe ?
checkRd: (-1) commsim.Rd:62: Lost braces in \itemize; meant \describe ?
checkRd: (-1) commsim.Rd:63: Lost braces in \itemize; meant \describe ?
checkRd: (-1) commsim.Rd:101-102: Lost braces in \itemize; meant \describe ?
checkRd: (-1) commsim.Rd:104-105: Lost braces in \itemize; meant \describe ?
checkRd: (-1) commsim.Rd:107-109: Lost braces in \itemize; meant \describe ?
checkRd: (-1) commsim.Rd:111-113: Lost braces in \itemize; meant \describe ?
checkRd: (-1) commsim.Rd:115-116: Lost braces in \itemize; meant \describe ?
checkRd: (-1) commsim.Rd:118-121: Lost braces in \itemize; meant \describe ?
checkRd: (-1) commsim.Rd:123-129: Lost braces in \itemize; meant \describe ?
checkRd: (-1) commsim.Rd:131-138: Lost braces in \itemize; meant \describe ?
checkRd: (-1) commsim.Rd:140-151: Lost braces in \itemize; meant \describe ?
checkRd: (-1) commsim.Rd:153-161: Lost braces in \itemize; meant \describe ?
checkRd: (-1) commsim.Rd:163-171: Lost braces in \itemize; meant \describe ?
checkRd: (-1) commsim.Rd:188-190: Lost braces in \itemize; meant \describe ?
checkRd: (-1) commsim.Rd:192-201: Lost braces in \itemize; meant \describe ?
checkRd: (-1) commsim.Rd:221-228: Lost braces in \itemize; meant \describe ?
checkRd: (-1) commsim.Rd:230-236: Lost braces in \itemize; meant \describe ?
checkRd: (-1) commsim.Rd:238-243: Lost braces in \itemize; meant \describe ?
checkRd: (-1) commsim.Rd:263-265: Lost braces in \itemize; meant \describe ?
checkRd: (-1) commsim.Rd:267-268: Lost braces in \itemize; meant \describe ?
checkRd: (-1) commsim.Rd:270-272: Lost braces in \itemize; meant \describe ?
checkRd: (-1) commsim.Rd:274-276: Lost braces in \itemize; meant \describe ?
checkRd: (-1) commsim.Rd:278-279: Lost braces in \itemize; meant \describe ?
checkRd: (-1) commsim.Rd:281-282: Lost braces in \itemize; meant \describe ?
checkRd: (-1) commsim.Rd:303-305: Lost braces in \itemize; meant \describe ?
checkRd: (-1) commsim.Rd:307-309: Lost braces in \itemize; meant \describe ?
checkRd: (-1) commsim.Rd:311-313: Lost braces in \itemize; meant \describe ?
checkRd: (-1) commsim.Rd:315-318: Lost braces in \itemize; meant \describe ?
checkRd: (-1) commsim.Rd:320-323: Lost braces in \itemize; meant \describe ?
checkRd: (-1) commsim.Rd:325-328: Lost braces in \itemize; meant \describe ?
checkRd: (-1) commsim.Rd:330-332: Lost braces in \itemize; meant \describe ?
checkRd: (-1) commsim.Rd:334-336: Lost braces in \itemize; meant \describe ?
checkRd: (-1) commsim.Rd:338-340: Lost braces in \itemize; meant \describe ?
checkRd: (-1) eventstar.Rd:62-63: Lost braces in \itemize; \value handles \item{}{} directly
checkRd: (-1) eventstar.Rd:64-65: Lost braces in \itemize; \value handles \item{}{} directly
checkRd: (-1) eventstar.Rd:66: Lost braces in \itemize; \value handles \item{}{} directly
checkRd: (-1) eventstar.Rd:67-70: Lost braces in \itemize; \value handles \item{}{} directly
checkRd: (-1) nullmodel.Rd:147: Lost braces in \itemize; \value handles \item{}{} directly
checkRd: (-1) nullmodel.Rd:148: Lost braces in \itemize; \value handles \item{}{} directly
checkRd: (-1) nullmodel.Rd:149: Lost braces in \itemize; \value handles \item{}{} directly
checkRd: (-1) nullmodel.Rd:150: Lost braces in \itemize; \value handles \item{}{} directly
checkRd: (-1) nullmodel.Rd:151: Lost braces in \itemize; \value handles \item{}{} directly
checkRd: (-1) nullmodel.Rd:152: Lost braces in \itemize; \value handles \item{}{} directly
checkRd: (-1) nullmodel.Rd:153: Lost braces in \itemize; \value handles \item{}{} directly
checkRd: (-1) nullmodel.Rd:154: Lost braces in \itemize; \value handles \item{}{} directly
checkRd: (-1) nullmodel.Rd:155: Lost braces in \itemize; \value handles \item{}{} directly
checkRd: (-1) nullmodel.Rd:156-157: Lost braces in \itemize; \value handles \item{}{} directly
checkRd: (-1) nullmodel.Rd:158-160: Lost braces in \itemize; \value handles \item{}{} directly
checkRd: (-1) nullmodel.Rd:161-163: Lost braces in \itemize; \value handles \item{}{} directly
checkRd: (-1) raupcrick.Rd:94: Lost braces; missing escapes or markup?
94 | \code{\link{vegdist}} with {method = "raup"} implements a related
| ^
checkRd: (-1) varpart.Rd:239-240: Lost braces in \itemize; meant \describe ?
checkRd: (-1) varpart.Rd:241-242: Lost braces in \itemize; meant \describe ?
checkRd: (-1) varpart.Rd:243: Lost braces in \itemize; meant \describe ?
checkRd: (-1) varpart.Rd:244-247: Lost braces in \itemize; meant \describe ?
Flavors: r-devel-linux-x86_64-debian-clang, r-devel-linux-x86_64-debian-gcc, r-devel-linux-x86_64-fedora-clang, r-devel-linux-x86_64-fedora-gcc, r-devel-windows-x86_64, r-patched-linux-x86_64, r-release-linux-x86_64, r-release-macos-arm64, r-release-windows-x86_64
Version: 2.6-4
Check: Rd cross-references
Result: NOTE
Undeclared package ‘coda’ in Rd xrefs
Flavor: r-devel-linux-x86_64-fedora-clang