Last updated on 2025-06-27 01:49:46 CEST.
Flavor | Version | Tinstall | Tcheck | Ttotal | Status | Flags |
---|---|---|---|---|---|---|
r-devel-linux-x86_64-debian-clang | 1.15.0 | 89.25 | 190.07 | 279.32 | OK | |
r-devel-linux-x86_64-debian-gcc | 1.15.0 | 68.31 | 146.26 | 214.57 | OK | |
r-devel-linux-x86_64-fedora-clang | 1.15.0 | 510.53 | OK | |||
r-devel-linux-x86_64-fedora-gcc | 1.15.0 | 495.41 | OK | |||
r-devel-windows-x86_64 | 1.15.0 | 104.00 | 247.00 | 351.00 | OK | |
r-patched-linux-x86_64 | OK | |||||
r-release-linux-x86_64 | 1.15.0 | 92.15 | 182.12 | 274.27 | OK | |
r-release-macos-arm64 | 1.15.0 | 163.00 | OK | |||
r-release-macos-x86_64 | 1.15.0 | 217.00 | OK | |||
r-release-windows-x86_64 | 1.15.0 | 111.00 | 250.00 | 361.00 | OK | |
r-oldrel-macos-arm64 | 1.15.0 | 126.00 | NOTE | |||
r-oldrel-macos-x86_64 | 1.15.0 | 210.00 | NOTE | |||
r-oldrel-windows-x86_64 | 1.15.0 | 126.00 | 302.00 | 428.00 | OK |
Version: 1.15.0
Check: installed package size
Result: NOTE
installed size is 6.6Mb
sub-directories of 1Mb or more:
libs 4.6Mb
Flavors: r-oldrel-macos-arm64, r-oldrel-macos-x86_64