Last updated on 2025-11-24 00:48:57 CET.
| Flavor | Version | Tinstall | Tcheck | Ttotal | Status | Flags |
|---|---|---|---|---|---|---|
| r-devel-linux-x86_64-debian-clang | 0.4.0 | 1.80 | 24.71 | 26.51 | OK | |
| r-devel-linux-x86_64-debian-gcc | 0.4.0 | 1.49 | 19.87 | 21.36 | OK | |
| r-devel-linux-x86_64-fedora-clang | 0.4.0 | 37.78 | OK | |||
| r-devel-linux-x86_64-fedora-gcc | 0.4.0 | 35.31 | OK | |||
| r-devel-windows-x86_64 | 0.4.0 | 6.00 | 42.00 | 48.00 | OK | |
| r-patched-linux-x86_64 | 0.4.0 | 2.01 | 22.15 | 24.16 | OK | |
| r-release-linux-x86_64 | 0.4.0 | 1.82 | 22.28 | 24.10 | OK | |
| r-release-macos-arm64 | 0.4.0 | OK | ||||
| r-release-macos-x86_64 | 0.4.0 | 2.00 | 25.00 | 27.00 | OK | |
| r-release-windows-x86_64 | 0.4.0 | 3.00 | 55.00 | 58.00 | OK | |
| r-oldrel-macos-arm64 | 0.4.0 | NOTE | ||||
| r-oldrel-macos-x86_64 | 0.4.0 | 1.00 | 22.00 | 23.00 | NOTE | |
| r-oldrel-windows-x86_64 | 0.4.0 | 4.00 | 48.00 | 52.00 | NOTE |
Version: 0.4.0
Check: LazyData
Result: NOTE
'LazyData' is specified without a 'data' directory
Flavors: r-oldrel-macos-arm64, r-oldrel-macos-x86_64, r-oldrel-windows-x86_64