Last updated on 2025-11-24 00:48:57 CET.
| Flavor | Version | Tinstall | Tcheck | Ttotal | Status | Flags |
|---|---|---|---|---|---|---|
| r-devel-linux-x86_64-debian-clang | 0.1-8 | 1.62 | 30.65 | 32.27 | NOTE | |
| r-devel-linux-x86_64-debian-gcc | 0.1-8 | 1.49 | 25.57 | 27.06 | NOTE | |
| r-devel-linux-x86_64-fedora-clang | 0.1-8 | 49.89 | OK | |||
| r-devel-linux-x86_64-fedora-gcc | 0.1-8 | 64.65 | OK | |||
| r-devel-windows-x86_64 | 0.1-8 | 2.00 | 62.00 | 64.00 | OK | |
| r-patched-linux-x86_64 | 0.1-8 | 1.91 | 30.44 | 32.35 | OK | |
| r-release-linux-x86_64 | 0.1-8 | 1.68 | 30.07 | 31.75 | OK | |
| r-release-macos-arm64 | 0.1-8 | OK | ||||
| r-release-macos-x86_64 | 0.1-8 | 2.00 | 52.00 | 54.00 | OK | |
| r-release-windows-x86_64 | 0.1-8 | 2.00 | 60.00 | 62.00 | OK | |
| r-oldrel-macos-arm64 | 0.1-8 | OK | ||||
| r-oldrel-macos-x86_64 | 0.1-8 | 2.00 | 40.00 | 42.00 | OK | |
| r-oldrel-windows-x86_64 | 0.1-8 | 3.00 | 64.00 | 67.00 | OK |
Version: 0.1-8
Check: CRAN incoming feasibility
Result: NOTE
Maintainer: ‘Charles J. Geyer <charlie@stat.umn.edu>’
No Authors@R field in DESCRIPTION.
Please add one, modifying
Authors@R: c(person(given = c("Charles", "J."),
family = "Geyer.",
role = "aut",
email = "charlie@stat.umn.edu"),
person(given = c("Charles", "J."),
family = "Geyer",
role = "cre",
email = "charlie@stat.umn.edu"))
as necessary.
Flavors: r-devel-linux-x86_64-debian-clang, r-devel-linux-x86_64-debian-gcc