Last updated on 2025-11-03 00:50:19 CET.
| Flavor | Version | Tinstall | Tcheck | Ttotal | Status | Flags | 
|---|---|---|---|---|---|---|
| r-devel-linux-x86_64-debian-clang | 1.1.0 | 48.79 | 474.99 | 523.78 | OK | |
| r-devel-linux-x86_64-debian-gcc | 1.1.0 | 36.34 | 360.17 | 396.51 | OK | |
| r-devel-linux-x86_64-fedora-clang | 1.1.0 | 216.00 | 632.27 | 848.27 | OK | |
| r-devel-linux-x86_64-fedora-gcc | 1.1.0 | 194.00 | 645.58 | 839.58 | OK | |
| r-devel-windows-x86_64 | 1.1.0 | 47.00 | 444.00 | 491.00 | OK | |
| r-patched-linux-x86_64 | 1.1.0 | 0.23 | 1.87 | 2.10 | ERROR | |
| r-release-linux-x86_64 | 1.1.0 | 46.69 | 451.55 | 498.24 | OK | |
| r-release-macos-arm64 | 1.1.0 | 26.00 | 194.00 | 220.00 | OK | |
| r-release-macos-x86_64 | 1.1.0 | 70.00 | 363.00 | 433.00 | OK | |
| r-release-windows-x86_64 | 1.1.0 | 45.00 | 435.00 | 480.00 | OK | |
| r-oldrel-macos-arm64 | 1.1.0 | 24.00 | 187.00 | 211.00 | NOTE | |
| r-oldrel-macos-x86_64 | 1.1.0 | 35.00 | 264.00 | 299.00 | OK | |
| r-oldrel-windows-x86_64 | 1.1.0 | 65.00 | 564.00 | 629.00 | OK | 
Version: 1.1.0
Check: package dependencies
Result: ERROR
  Package required but not available: ‘alakazam’
  
  See section ‘The DESCRIPTION file’ in the ‘Writing R Extensions’
  manual.
Flavor: r-patched-linux-x86_64
Version: 1.1.0
Check: installed package size
Result: NOTE
    installed size is  5.1Mb
    sub-directories of 1Mb or more:
      data   4.5Mb
Flavor: r-oldrel-macos-arm64