Last updated on 2025-06-27 01:49:45 CEST.
Flavor | Version | Tinstall | Tcheck | Ttotal | Status | Flags |
---|---|---|---|---|---|---|
r-devel-linux-x86_64-debian-clang | 2.17.0 | 21.88 | 94.80 | 116.68 | NOTE | |
r-devel-linux-x86_64-debian-gcc | 2.17.0 | 13.31 | 69.32 | 82.63 | NOTE | |
r-devel-linux-x86_64-fedora-clang | 2.17.0 | 181.26 | NOTE | |||
r-devel-linux-x86_64-fedora-gcc | 2.17.0 | 185.66 | NOTE | |||
r-devel-windows-x86_64 | 2.17.0 | 20.00 | 115.00 | 135.00 | OK | |
r-patched-linux-x86_64 | NOTE | |||||
r-release-linux-x86_64 | 2.17.0 | 18.20 | 89.91 | 108.11 | NOTE | |
r-release-macos-arm64 | 2.17.0 | 61.00 | OK | |||
r-release-macos-x86_64 | 2.17.0 | 104.00 | OK | |||
r-release-windows-x86_64 | 2.17.0 | 22.00 | 116.00 | 138.00 | OK | |
r-oldrel-macos-arm64 | 2.17.0 | 55.00 | OK | |||
r-oldrel-macos-x86_64 | 2.17.0 | 141.00 | OK | |||
r-oldrel-windows-x86_64 | 2.17.0 | 29.00 | 137.00 | 166.00 | OK |
Version: 2.17.0
Check: Rd cross-references
Result: NOTE
Unknown package ‘tfestimators’ in Rd xrefs
Flavors: r-devel-linux-x86_64-debian-clang, r-devel-linux-x86_64-debian-gcc, r-devel-linux-x86_64-fedora-clang, r-devel-linux-x86_64-fedora-gcc, r-patched-linux-x86_64, r-release-linux-x86_64