Last updated on 2025-11-03 00:50:18 CET.
| Flavor | Version | Tinstall | Tcheck | Ttotal | Status | Flags | 
|---|---|---|---|---|---|---|
| r-devel-linux-x86_64-debian-clang | 0.6-8 | 15.82 | 318.37 | 334.19 | NOTE | |
| r-devel-linux-x86_64-debian-gcc | 0.6-8 | 10.30 | 228.13 | 238.43 | NOTE | |
| r-devel-linux-x86_64-fedora-clang | 0.6-8 | 96.00 | 453.53 | 549.53 | NOTE | |
| r-devel-linux-x86_64-fedora-gcc | 0.6-8 | 72.00 | 484.18 | 556.18 | NOTE | |
| r-devel-windows-x86_64 | 0.6-8 | 19.00 | 311.00 | 330.00 | NOTE | |
| r-patched-linux-x86_64 | 0.6-8 | 16.52 | 307.02 | 323.54 | NOTE | |
| r-release-linux-x86_64 | 0.6-8 | 14.96 | 306.19 | 321.15 | NOTE | |
| r-release-macos-arm64 | 0.6-8 | 7.00 | 179.00 | 186.00 | NOTE | |
| r-release-macos-x86_64 | 0.6-8 | 20.00 | 323.00 | 343.00 | NOTE | |
| r-release-windows-x86_64 | 0.6-8 | 19.00 | 303.00 | 322.00 | NOTE | |
| r-oldrel-macos-arm64 | 0.6-8 | 6.00 | 156.00 | 162.00 | NOTE | |
| r-oldrel-macos-x86_64 | 0.6-8 | 16.00 | 305.00 | 321.00 | NOTE | |
| r-oldrel-windows-x86_64 | 0.6-8 | 26.00 | 414.00 | 440.00 | NOTE | 
Version: 0.6-8
Check: DESCRIPTION meta-information
Result: NOTE
    Missing dependency on R >= 4.2.0 because package code uses the pipe
    placeholder syntax added in R 4.2.0.
    File(s) using such syntax:
      ‘prcomp.Rd’
Flavors: r-devel-linux-x86_64-debian-clang, r-devel-linux-x86_64-debian-gcc, r-devel-linux-x86_64-fedora-clang, r-devel-linux-x86_64-fedora-gcc, r-devel-windows-x86_64, r-patched-linux-x86_64, r-release-linux-x86_64, r-release-macos-arm64, r-release-macos-x86_64, r-release-windows-x86_64
Version: 0.6-8
Check: package dependencies
Result: NOTE
  Package suggested but not available for checking: ‘starsdata’
Flavors: r-oldrel-macos-arm64, r-oldrel-macos-x86_64, r-oldrel-windows-x86_64
Version: 0.6-8
Check: installed package size
Result: NOTE
    installed size is  6.9Mb
    sub-directories of 1Mb or more:
      doc   2.9Mb
      nc    1.7Mb
Flavors: r-oldrel-macos-arm64, r-oldrel-macos-x86_64, r-oldrel-windows-x86_64