Last updated on 2025-11-24 00:48:55 CET.
| Flavor | Version | Tinstall | Tcheck | Ttotal | Status | Flags |
|---|---|---|---|---|---|---|
| r-devel-linux-x86_64-debian-clang | 1.2.2 | 60.72 | 38.68 | 99.40 | OK | |
| r-devel-linux-x86_64-debian-gcc | 1.2.2 | 50.34 | 34.90 | 85.24 | OK | |
| r-devel-linux-x86_64-fedora-clang | 1.2.2 | 299.00 | -130.72 | 168.28 | OK | |
| r-devel-linux-x86_64-fedora-gcc | 1.2.2 | 169.00 | 10.02 | 179.02 | OK | |
| r-devel-windows-x86_64 | 1.2.2 | 73.00 | 77.00 | 150.00 | OK | |
| r-patched-linux-x86_64 | 1.2.2 | 65.71 | 45.59 | 111.30 | OK | |
| r-release-linux-x86_64 | 1.2.2 | 69.46 | 44.83 | 114.29 | OK | |
| r-release-macos-arm64 | 1.2.2 | OK | ||||
| r-release-macos-x86_64 | 1.2.2 | 64.00 | 41.00 | 105.00 | OK | |
| r-release-windows-x86_64 | 1.2.2 | 65.00 | 98.00 | 163.00 | OK | |
| r-oldrel-macos-arm64 | 1.2.2 | NOTE | ||||
| r-oldrel-macos-x86_64 | 1.2.2 | 92.00 | 41.00 | 133.00 | NOTE | |
| r-oldrel-windows-x86_64 | 1.2.2 | 77.00 | 95.00 | 172.00 | OK |
Version: 1.2.2
Check: installed package size
Result: NOTE
installed size is 35.7Mb
sub-directories of 1Mb or more:
libs 35.1Mb
Flavors: r-oldrel-macos-arm64, r-oldrel-macos-x86_64