Last updated on 2025-11-24 00:48:55 CET.
| Flavor | Version | Tinstall | Tcheck | Ttotal | Status | Flags |
|---|---|---|---|---|---|---|
| r-devel-linux-x86_64-debian-clang | 0.6-4 | 2.54 | 74.28 | 76.82 | NOTE | |
| r-devel-linux-x86_64-debian-gcc | 0.6-4 | 2.02 | 71.40 | 73.42 | NOTE | |
| r-devel-linux-x86_64-fedora-clang | 0.6-4 | 15.00 | 101.42 | 116.42 | NOTE | |
| r-devel-linux-x86_64-fedora-gcc | 0.6-4 | 11.00 | 110.11 | 121.11 | NOTE | |
| r-devel-windows-x86_64 | 0.6-4 | 5.00 | 59.00 | 64.00 | NOTE | |
| r-patched-linux-x86_64 | 0.6-4 | 2.72 | 63.38 | 66.10 | NOTE | |
| r-release-linux-x86_64 | 0.6-4 | 2.39 | 64.30 | 66.69 | NOTE | |
| r-release-macos-arm64 | 0.6-4 | NOTE | ||||
| r-release-macos-x86_64 | 0.6-4 | 5.00 | 91.00 | 96.00 | NOTE | |
| r-release-windows-x86_64 | 0.6-4 | 5.00 | 64.00 | 69.00 | NOTE | |
| r-oldrel-macos-arm64 | 0.6-4 | NOTE | ||||
| r-oldrel-macos-x86_64 | 0.6-4 | 2.00 | 46.00 | 48.00 | NOTE | |
| r-oldrel-windows-x86_64 | 0.6-4 | 4.00 | 71.00 | 75.00 | NOTE |
Version: 0.6-4
Check: CRAN incoming feasibility
Result: NOTE
Maintainer: ‘Benjamin Hofner <benjamin.hofner@pei.de>’
Package CITATION file contains call(s) to old-style personList() or
as.personList(). Please use c() on person objects instead.
Package CITATION file contains call(s) to old-style citEntry(). Please
use bibentry() instead.
Flavors: r-devel-linux-x86_64-debian-clang, r-devel-linux-x86_64-debian-gcc
Version: 0.6-4
Check: Rd files
Result: NOTE
checkRd: (-1) stabsel_parameters.Rd:42: Lost braces
42 | always use code{"none"}.}
| ^
checkRd: (-1) stabsel_stabsel.Rd:25: Lost braces
25 | always use code{"none"}.}
| ^
Flavors: r-devel-linux-x86_64-debian-clang, r-devel-linux-x86_64-debian-gcc, r-devel-linux-x86_64-fedora-clang, r-devel-linux-x86_64-fedora-gcc, r-devel-windows-x86_64, r-patched-linux-x86_64, r-release-linux-x86_64, r-release-macos-arm64, r-release-macos-x86_64, r-release-windows-x86_64, r-oldrel-macos-arm64, r-oldrel-macos-x86_64, r-oldrel-windows-x86_64
Version: 0.6-4
Check: LazyData
Result: NOTE
'LazyData' is specified without a 'data' directory
Flavors: r-oldrel-macos-arm64, r-oldrel-macos-x86_64, r-oldrel-windows-x86_64