CRAN Package Check Results for Package ssize.fdr

Last updated on 2025-07-21 01:49:17 CEST.

Flavor Version Tinstall Tcheck Ttotal Status Flags
r-devel-linux-x86_64-debian-clang 1.3 2.67 30.89 33.56 NOTE
r-devel-linux-x86_64-debian-gcc 1.3 1.99 22.96 24.95 NOTE
r-devel-linux-x86_64-fedora-clang 1.3 52.72 OK
r-devel-linux-x86_64-fedora-gcc 1.3 49.22 OK
r-devel-windows-x86_64 1.3 3.00 56.00 59.00 OK
r-patched-linux-x86_64 1.3 2.55 28.97 31.52 OK
r-release-linux-x86_64 1.3 2.43 29.18 31.61 OK
r-release-macos-arm64 1.3 20.00 OK
r-release-macos-x86_64 1.3 34.00 OK
r-release-windows-x86_64 1.3 5.00 58.00 63.00 OK
r-oldrel-macos-arm64 1.3 18.00 OK
r-oldrel-macos-x86_64 1.3 35.00 OK
r-oldrel-windows-x86_64 1.3 3.00 54.00 57.00 OK

Check Details

Version: 1.3
Check: CRAN incoming feasibility
Result: NOTE Maintainer: ‘Megan Orr <megan.orr@ndsu.edu>’ No Authors@R field in DESCRIPTION. Please add one, modifying Authors@R: c(person(given = "Megan", family = "Orr", role = c("aut", "cre"), email = "megan.orr@ndsu.edu"), person(given = "Peng", family = "Liu", role = "aut")) as necessary. Flavors: r-devel-linux-x86_64-debian-clang, r-devel-linux-x86_64-debian-gcc