CRAN Package Check Results for Package spaths

Last updated on 2025-06-27 01:49:44 CEST.

Flavor Version Tinstall Tcheck Ttotal Status Flags
r-devel-linux-x86_64-debian-clang 1.2.0 231.52 53.17 284.69 OK
r-devel-linux-x86_64-debian-gcc 1.2.0 188.45 38.10 226.55 OK
r-devel-linux-x86_64-fedora-clang 1.2.0 492.04 NOTE
r-devel-linux-x86_64-fedora-gcc 1.2.0 599.55 NOTE
r-devel-windows-x86_64 1.2.0 221.00 96.00 317.00 OK
r-patched-linux-x86_64 OK
r-release-linux-x86_64 1.2.0 263.40 49.37 312.77 OK
r-release-macos-arm64 1.2.0 45.00 ERROR
r-release-macos-x86_64 1.2.0 35.00 ERROR
r-release-windows-x86_64 1.2.0 224.00 97.00 321.00 OK
r-oldrel-macos-arm64 1.2.0 43.00 ERROR
r-oldrel-macos-x86_64 1.2.0 39.00 ERROR
r-oldrel-windows-x86_64 1.2.0 214.00 119.00 333.00 OK

Check Details

Version: 1.2.0
Check: dependencies in R code
Result: NOTE Namespaces in Imports field not imported from: ‘Rcpp’ ‘base’ ‘utils’ All declared Imports should be used. Flavors: r-devel-linux-x86_64-fedora-clang, r-devel-linux-x86_64-fedora-gcc

Version: 1.2.0
Check: whether package can be installed
Result: ERROR Installation failed. Flavors: r-release-macos-arm64, r-release-macos-x86_64, r-oldrel-macos-arm64, r-oldrel-macos-x86_64