Last updated on 2025-11-24 00:48:54 CET.
| Flavor | Version | Tinstall | Tcheck | Ttotal | Status | Flags |
|---|---|---|---|---|---|---|
| r-devel-linux-x86_64-debian-clang | 0.2.9 | 3.24 | 44.65 | 47.89 | NOTE | |
| r-devel-linux-x86_64-debian-gcc | 0.2.9 | 2.45 | 33.79 | 36.24 | NOTE | |
| r-devel-linux-x86_64-fedora-clang | 0.2.9 | 74.70 | NOTE | |||
| r-devel-linux-x86_64-fedora-gcc | 0.2.9 | 14.00 | 88.38 | 102.38 | NOTE | |
| r-devel-windows-x86_64 | 0.2.9 | 8.00 | 61.00 | 69.00 | NOTE | |
| r-patched-linux-x86_64 | 0.2.9 | 3.78 | 41.19 | 44.97 | NOTE | |
| r-release-linux-x86_64 | 0.2.9 | 3.13 | 41.38 | 44.51 | NOTE | |
| r-release-macos-arm64 | 0.2.9 | NOTE | ||||
| r-release-macos-x86_64 | 0.2.9 | 4.00 | 64.00 | 68.00 | OK | |
| r-release-windows-x86_64 | 0.2.9 | 6.00 | 79.00 | 85.00 | NOTE | |
| r-oldrel-macos-arm64 | 0.2.9 | OK | ||||
| r-oldrel-macos-x86_64 | 0.2.9 | 3.00 | 57.00 | 60.00 | OK | |
| r-oldrel-windows-x86_64 | 0.2.9 | 8.00 | 72.00 | 80.00 | OK |
Version: 0.2.9
Check: DESCRIPTION meta-information
Result: NOTE
Missing dependency on R >= 4.1.0 because package code uses the pipe
|> or function shorthand \(...) syntax added in R 4.1.0.
File(s) using such syntax:
‘glimpse_na.Rd’
Flavors: r-devel-linux-x86_64-debian-clang, r-devel-linux-x86_64-debian-gcc, r-devel-linux-x86_64-fedora-clang, r-devel-linux-x86_64-fedora-gcc, r-devel-windows-x86_64, r-patched-linux-x86_64, r-release-linux-x86_64, r-release-macos-arm64, r-release-windows-x86_64