Last updated on 2025-11-03 00:50:17 CET.
| Flavor | Version | Tinstall | Tcheck | Ttotal | Status | Flags | 
|---|---|---|---|---|---|---|
| r-devel-linux-x86_64-debian-clang | 1.1.1 | 19.51 | 311.28 | 330.79 | OK | |
| r-devel-linux-x86_64-debian-gcc | 1.1.1 | 13.62 | 292.66 | 306.28 | OK | |
| r-devel-linux-x86_64-fedora-clang | 1.1.1 | 61.00 | 466.56 | 527.56 | OK | |
| r-devel-linux-x86_64-fedora-gcc | 1.1.1 | 38.00 | 446.79 | 484.79 | OK | |
| r-devel-windows-x86_64 | 1.1.1 | 13.00 | 182.00 | 195.00 | ERROR | |
| r-patched-linux-x86_64 | 1.1.1 | 19.09 | 301.43 | 320.52 | OK | |
| r-release-linux-x86_64 | 1.1.1 | 18.99 | 301.62 | 320.61 | OK | |
| r-release-macos-arm64 | 1.1.1 | 4.00 | 33.00 | 37.00 | OK | |
| r-release-macos-x86_64 | 1.1.1 | 8.00 | 61.00 | 69.00 | OK | |
| r-release-windows-x86_64 | 1.1.1 | 11.00 | 92.00 | 103.00 | NOTE | |
| r-oldrel-macos-arm64 | 1.1.1 | 4.00 | 37.00 | 41.00 | OK | |
| r-oldrel-macos-x86_64 | 1.1.1 | 7.00 | 61.00 | 68.00 | OK | |
| r-oldrel-windows-x86_64 | 1.1.1 | 12.00 | 118.00 | 130.00 | NOTE | 
Version: 1.1.1
Check: examples
Result: ERROR
  Running examples in 'shrinkGPR-Ex.R' failed
  The error most likely occurred in:
  
  > ### Name: kernel_functions
  > ### Title: Kernel Functions for Gaussian Processes
  > ### Aliases: kernel_functions kernel_se kernel_matern_12 kernel_matern_32
  > ###   kernel_matern_52
  > 
  > ### ** Examples
  > 
  > if (torch::torch_is_installed()) {
  +   # Example inputs
  +   torch::torch_manual_seed(123)
  +   n_latent <- 3
  +   d <- 2
  +   N <- 5
  +   thetas <- torch::torch_randn(n_latent, d)$abs()
  +   tau <- torch::torch_randn(n_latent)$abs()
  +   x <- torch::torch_randn(N, d)
  + 
  +   # Compute the SE kernel
  +   K_se <- kernel_se(thetas, tau, x)
  +   print(K_se)
  + 
  +   # Compute the Matérn 3/2 kernel
  +   K_matern32 <- kernel_matern_32(thetas, tau, x)
  +   print(K_matern32)
  + 
  +   # Compute the Matérn 5/2 kernel with x_star
  +   x_star <- torch::torch_randn(3, d)
  +   K_matern52 <- kernel_matern_52(thetas, tau, x, x_star)
  +   print(K_matern52)
  + }
Flavor: r-devel-windows-x86_64
Version: 1.1.1
Check: tests
Result: ERROR
    Running 'testthat.R' [3s]
  Running the tests in 'tests/testthat.R' failed.
  Complete output:
    > # This file is part of the standard setup for testthat.
    > # It is recommended that you do not modify it.
    > #
    > # Where should you do additional test configuration?
    > # Learn more about the roles of various files in:
    > # * https://r-pkgs.org/testing-design.html#sec-tests-files-overview
    > # * https://testthat.r-lib.org/articles/special-files.html
    > 
    > library(testthat)
    > library(shrinkGPR)
    
    Welcome to shrinkGPR version 1.1.1.
     
    NOTE: No CUDA installation detected. This may be quite slow for larger datasets.
    Consider installing CUDA for GPU acceleration. Information on this can be found at:
    https://cran.r-project.org/web/packages/torch/vignettes/installation.html
    > 
    > test_check("shrinkGPR")
Flavor: r-devel-windows-x86_64
Version: 1.1.1
Check: whether startup messages can be suppressed
Result: NOTE
  Torch libraries are installed but loading them was unsuccessful.
  
  It looks like this package (or a package it requires) has a startup
  message which cannot be suppressed: see ?packageStartupMessage.
Flavors: r-release-windows-x86_64, r-oldrel-windows-x86_64