CRAN Package Check Results for Package shiny.pwa

Last updated on 2025-06-27 01:49:43 CEST.

Flavor Version Tinstall Tcheck Ttotal Status Flags
r-devel-linux-x86_64-debian-clang 0.2.1 4.87 37.00 41.87 NOTE
r-devel-linux-x86_64-debian-gcc 0.2.1 3.57 28.86 32.43 NOTE
r-devel-linux-x86_64-fedora-clang 0.2.1 72.42 NOTE
r-devel-linux-x86_64-fedora-gcc 0.2.1 64.83 NOTE
r-devel-windows-x86_64 0.2.1 8.00 55.00 63.00 NOTE
r-patched-linux-x86_64 NOTE
r-release-linux-x86_64 0.2.1 3.53 34.73 38.26 NOTE
r-release-macos-arm64 0.2.1 26.00 NOTE
r-release-macos-x86_64 0.2.1 35.00 NOTE
r-release-windows-x86_64 0.2.1 9.00 55.00 64.00 NOTE
r-oldrel-macos-arm64 0.2.1 23.00 NOTE
r-oldrel-macos-x86_64 0.2.1 32.00 NOTE
r-oldrel-windows-x86_64 0.2.1 9.00 63.00 72.00 NOTE

Check Details

Version: 0.2.1
Check: package subdirectories
Result: NOTE Problems with news in ‘NEWS.md’: No news entries found. Flavors: r-devel-linux-x86_64-debian-clang, r-devel-linux-x86_64-debian-gcc, r-devel-linux-x86_64-fedora-clang, r-devel-linux-x86_64-fedora-gcc, r-devel-windows-x86_64, r-patched-linux-x86_64, r-release-linux-x86_64, r-release-macos-arm64, r-release-macos-x86_64, r-release-windows-x86_64, r-oldrel-macos-arm64, r-oldrel-macos-x86_64, r-oldrel-windows-x86_64