CRAN Package Check Results for Package score

Last updated on 2025-07-21 01:49:15 CEST.

Flavor Version Tinstall Tcheck Ttotal Status Flags
r-devel-linux-x86_64-debian-clang 1.0.2 9.07 65.75 74.82 NOTE
r-devel-linux-x86_64-debian-gcc 1.0.2 6.56 47.38 53.94 NOTE
r-devel-linux-x86_64-fedora-clang 1.0.2 116.81 OK
r-devel-linux-x86_64-fedora-gcc 1.0.2 107.66 OK
r-devel-windows-x86_64 1.0.2 9.00 71.00 80.00 OK
r-patched-linux-x86_64 1.0.2 8.26 63.28 71.54 OK
r-release-linux-x86_64 1.0.2 7.59 63.36 70.95 OK
r-release-macos-arm64 1.0.2 34.00 OK
r-release-macos-x86_64 1.0.2 64.00 OK
r-release-windows-x86_64 1.0.2 9.00 73.00 82.00 OK
r-oldrel-macos-arm64 1.0.2 29.00 OK
r-oldrel-macos-x86_64 1.0.2 51.00 OK
r-oldrel-windows-x86_64 1.0.2 12.00 88.00 100.00 OK

Check Details

Version: 1.0.2
Check: CRAN incoming feasibility
Result: NOTE Maintainer: ‘Jaejoon Song <jjsong2@mdanderson.org>’ No Authors@R field in DESCRIPTION. Please add one, modifying Authors@R: person(given = "Jaejoon", family = "Song", role = c("aut", "cre"), email = "jjsong2@mdanderson.org") as necessary. Flavors: r-devel-linux-x86_64-debian-clang, r-devel-linux-x86_64-debian-gcc