Last updated on 2025-11-03 00:50:16 CET.
| Flavor | Version | Tinstall | Tcheck | Ttotal | Status | Flags | 
|---|---|---|---|---|---|---|
| r-devel-linux-x86_64-debian-clang | 0.1.2-21 | 5.86 | 65.82 | 71.68 | NOTE | |
| r-devel-linux-x86_64-debian-gcc | 0.1.2-21 | 4.62 | 43.55 | 48.17 | NOTE | |
| r-devel-linux-x86_64-fedora-clang | 0.1.2-21 | 15.00 | 83.73 | 98.73 | OK | |
| r-devel-linux-x86_64-fedora-gcc | 0.1.2-21 | 15.00 | 76.95 | 91.95 | OK | |
| r-devel-windows-x86_64 | 0.1.2-21 | 7.00 | 66.00 | 73.00 | OK | |
| r-patched-linux-x86_64 | 0.1.2-21 | 5.92 | 59.65 | 65.57 | OK | |
| r-release-linux-x86_64 | 0.1.2-21 | 6.31 | 58.78 | 65.09 | OK | |
| r-release-macos-arm64 | 0.1.2-21 | 2.00 | 28.00 | 30.00 | OK | |
| r-release-macos-x86_64 | 0.1.2-21 | 6.00 | 47.00 | 53.00 | OK | |
| r-release-windows-x86_64 | 0.1.2-21 | 9.00 | 65.00 | 74.00 | OK | |
| r-oldrel-macos-arm64 | 0.1.2-21 | 3.00 | 28.00 | 31.00 | OK | |
| r-oldrel-macos-x86_64 | 0.1.2-21 | 5.00 | 41.00 | 46.00 | OK | |
| r-oldrel-windows-x86_64 | 0.1.2-21 | 10.00 | 81.00 | 91.00 | OK | 
Version: 0.1.2-21
Check: CRAN incoming feasibility
Result: NOTE
  Maintainer: ‘Daisuke Murakami <dmuraka@ism.ac.jp>’
  
  No Authors@R field in DESCRIPTION.
  Please add one, modifying
    Authors@R: c(person(given = "Daisuke",
                        family = "Murakami",
                        role = c("cre", "aut"),
                        email = "dmuraka@ism.ac.jp"),
                 person(given = "Narumasa",
                        family = "Tsutsumida",
                        role = "ctb"),
                 person(given = "Takahiro",
                        family = "Yoshida",
                        role = "ctb"),
                 person(given = "Tomoki",
                        family = "Nakaya",
                        role = "ctb"),
                 person(given = "Lu",
                        family = "Binbin",
                        role = "ctb"))
  as necessary.
  
  The Description field contains
    <arXiv:1905.00266>.
  Please refer to arXiv e-prints via their arXiv DOI <doi:10.48550/arXiv.YYMM.NNNNN>.
Flavors: r-devel-linux-x86_64-debian-clang, r-devel-linux-x86_64-debian-gcc