CRAN Package Check Results for Package rugarch

Last updated on 2025-06-27 01:49:42 CEST.

Flavor Version Tinstall Tcheck Ttotal Status Flags
r-devel-linux-x86_64-debian-clang 1.5-4 88.82 290.21 379.03 OK
r-devel-linux-x86_64-debian-gcc 1.5-4 54.14 173.27 227.41 OK
r-devel-linux-x86_64-fedora-clang 1.5-4 617.03 OK
r-devel-linux-x86_64-fedora-gcc 1.5-4 588.78 OK
r-devel-windows-x86_64 1.5-4 87.00 272.00 359.00 OK
r-patched-linux-x86_64 OK
r-release-linux-x86_64 1.5-3 88.76 272.00 360.76 OK
r-release-macos-arm64 1.5-4 141.00 OK
r-release-macos-x86_64 1.5-4 267.00 OK
r-release-windows-x86_64 1.5-4 88.00 272.00 360.00 OK
r-oldrel-macos-arm64 1.5-4 141.00 NOTE
r-oldrel-macos-x86_64 1.5-4 254.00 NOTE
r-oldrel-windows-x86_64 1.5-4 74.00 282.00 356.00 NOTE

Check Details

Version: 1.5-4
Check: installed package size
Result: NOTE installed size is 7.7Mb sub-directories of 1Mb or more: R 3.0Mb libs 2.5Mb Flavors: r-oldrel-macos-arm64, r-oldrel-macos-x86_64, r-oldrel-windows-x86_64