Last updated on 2025-11-03 00:50:15 CET.
| Flavor | Version | Tinstall | Tcheck | Ttotal | Status | Flags | 
|---|---|---|---|---|---|---|
| r-devel-linux-x86_64-debian-clang | 1.1-14 | 42.59 | 254.51 | 297.10 | NOTE | |
| r-devel-linux-x86_64-debian-gcc | 1.1-14 | 22.11 | 163.59 | 185.70 | NOTE | |
| r-devel-linux-x86_64-fedora-clang | 1.1-14 | 90.00 | 383.79 | 473.79 | NOTE | |
| r-devel-linux-x86_64-fedora-gcc | 1.1-14 | 98.00 | 376.41 | 474.41 | NOTE | |
| r-devel-windows-x86_64 | 1.1-14 | 36.00 | 199.00 | 235.00 | NOTE | |
| r-patched-linux-x86_64 | 1.1-14 | 39.12 | 243.68 | 282.80 | NOTE | |
| r-release-linux-x86_64 | 1.1-14 | 37.13 | 241.96 | 279.09 | NOTE | |
| r-release-macos-arm64 | 1.1-14 | 17.00 | 105.00 | 122.00 | NOTE | |
| r-release-macos-x86_64 | 1.1-14 | 33.00 | 238.00 | 271.00 | NOTE | |
| r-release-windows-x86_64 | 1.1-14 | 34.00 | 199.00 | 233.00 | NOTE | |
| r-oldrel-macos-arm64 | 1.1-14 | 14.00 | 85.00 | 99.00 | NOTE | |
| r-oldrel-macos-x86_64 | 1.1-14 | 25.00 | 134.00 | 159.00 | NOTE | |
| r-oldrel-windows-x86_64 | 1.1-14 | 51.00 | 272.00 | 323.00 | NOTE | 
Version: 1.1-14
Check: CRAN incoming feasibility
Result: NOTE
  Maintainer: ‘Babak Naimi <naimi.b@gmail.com>’
  
  No Authors@R field in DESCRIPTION.
  Please add one, modifying
    Authors@R: person(given = "Babak",
                      family = "Naimi",
                      role = c("aut", "cre"),
                      email = "naimi.b@gmail.com")
  as necessary.
Flavors: r-devel-linux-x86_64-debian-clang, r-devel-linux-x86_64-debian-gcc
Version: 1.1-14
Check: Rd files
Result: NOTE
  checkRd: (-1) rts.Rd:32: Lost braces
      32 | If a name of a raster time series file is provided for the \code{x} argument, it acts the same as code{\link[rts]{read.rts}}.
         |                                                                                                       ^
Flavors: r-devel-linux-x86_64-debian-clang, r-devel-linux-x86_64-debian-gcc, r-devel-linux-x86_64-fedora-clang, r-devel-linux-x86_64-fedora-gcc, r-devel-windows-x86_64, r-patched-linux-x86_64, r-release-linux-x86_64, r-release-macos-arm64, r-release-macos-x86_64, r-release-windows-x86_64, r-oldrel-macos-arm64, r-oldrel-macos-x86_64, r-oldrel-windows-x86_64