CRAN Package Check Results for Package rsvg

Last updated on 2025-06-27 01:49:42 CEST.

Flavor Version Tinstall Tcheck Ttotal Status Flags
r-devel-linux-x86_64-debian-clang 2.6.2 2.96 28.73 31.69 OK
r-devel-linux-x86_64-debian-gcc 2.6.2 2.48 22.69 25.17 OK
r-devel-linux-x86_64-fedora-clang 2.6.2 51.69 OK
r-devel-linux-x86_64-fedora-gcc 2.6.2 66.91 OK
r-devel-windows-x86_64 2.6.2 29.00 244.00 273.00 OK
r-patched-linux-x86_64 OK
r-release-linux-x86_64 2.6.2 2.78 27.24 30.02 OK
r-release-macos-arm64 2.6.2 44.00 OK
r-release-macos-x86_64 2.6.2 74.00 OK
r-release-windows-x86_64 2.6.2 28.00 231.00 259.00 OK
r-oldrel-macos-arm64 2.6.2 93.00 NOTE
r-oldrel-macos-x86_64 2.6.2 135.00 NOTE
r-oldrel-windows-x86_64 2.6.2 37.00 290.00 327.00 NOTE

Check Details

Version: 2.6.2
Check: installed package size
Result: NOTE installed size is 28.7Mb sub-directories of 1Mb or more: libs 28.2Mb Flavors: r-oldrel-macos-arm64, r-oldrel-macos-x86_64, r-oldrel-windows-x86_64