Last updated on 2025-11-03 00:50:15 CET.
| Flavor | Version | Tinstall | Tcheck | Ttotal | Status | Flags | 
|---|---|---|---|---|---|---|
| r-devel-linux-x86_64-debian-clang | 1.2 | 7.47 | 57.44 | 64.91 | NOTE | |
| r-devel-linux-x86_64-debian-gcc | 1.2 | 5.01 | 45.97 | 50.98 | NOTE | |
| r-devel-linux-x86_64-fedora-clang | 1.2 | 14.00 | 81.93 | 95.93 | OK | |
| r-devel-linux-x86_64-fedora-gcc | 1.2 | 27.00 | 68.47 | 95.47 | OK | |
| r-devel-windows-x86_64 | 1.2 | 8.00 | 72.00 | 80.00 | OK | |
| r-patched-linux-x86_64 | 1.2 | 6.32 | 55.74 | 62.06 | OK | |
| r-release-linux-x86_64 | 1.2 | 6.84 | 55.03 | 61.87 | OK | |
| r-release-macos-arm64 | 1.2 | 4.00 | 34.00 | 38.00 | OK | |
| r-release-macos-x86_64 | 1.2 | 10.00 | 61.00 | 71.00 | OK | |
| r-release-windows-x86_64 | 1.2 | 8.00 | 70.00 | 78.00 | OK | |
| r-oldrel-macos-arm64 | 1.2 | 3.00 | 27.00 | 30.00 | OK | |
| r-oldrel-macos-x86_64 | 1.2 | 5.00 | 51.00 | 56.00 | OK | |
| r-oldrel-windows-x86_64 | 1.2 | 10.00 | 93.00 | 103.00 | OK | 
Version: 1.2
Check: CRAN incoming feasibility
Result: NOTE
  Maintainer: ‘Ben Sherwood <ben.sherwood@ku.edu>’
  
  No Authors@R field in DESCRIPTION.
  Please add one, modifying
    Authors@R: person(given = "Ben",
                      family = "Sherwood",
                      role = c("aut", "cre"),
                      email = "ben.sherwood@ku.edu")
  as necessary.
Flavors: r-devel-linux-x86_64-debian-clang, r-devel-linux-x86_64-debian-gcc