Last updated on 2025-11-03 00:50:14 CET.
| Flavor | Version | Tinstall | Tcheck | Ttotal | Status | Flags | 
|---|---|---|---|---|---|---|
| r-devel-linux-x86_64-debian-clang | 2.2.1 | 137.05 | 599.33 | 736.38 | OK | |
| r-devel-linux-x86_64-debian-gcc | 2.2.1 | 88.14 | 413.79 | 501.93 | OK | |
| r-devel-linux-x86_64-fedora-clang | 2.2.1 | 660.00 | 620.98 | 1280.98 | OK | |
| r-devel-linux-x86_64-fedora-gcc | 2.2.1 | 404.00 | 814.36 | 1218.36 | OK | |
| r-devel-windows-x86_64 | 2.2.1 | 150.00 | 602.00 | 752.00 | OK | |
| r-patched-linux-x86_64 | 2.2.1 | 0.36 | 2.00 | 2.36 | ERROR | |
| r-release-linux-x86_64 | 2.2.1 | 125.24 | 555.48 | 680.72 | OK | |
| r-release-macos-arm64 | 2.2.1 | 49.00 | 133.00 | 182.00 | OK | |
| r-release-macos-x86_64 | 2.2.1 | 72.00 | 379.00 | 451.00 | OK | |
| r-release-windows-x86_64 | 2.2.1 | 148.00 | 586.00 | 734.00 | OK | |
| r-oldrel-macos-arm64 | 2.2.1 | 43.00 | 135.00 | 178.00 | NOTE | |
| r-oldrel-macos-x86_64 | 2.2.1 | 69.00 | 360.00 | 429.00 | NOTE | |
| r-oldrel-windows-x86_64 | 2.2.1 | 185.00 | 807.00 | 992.00 | OK | 
Version: 2.2.1
Check: package dependencies
Result: ERROR
  Packages required but not available: 'DelayedArray', 'HDF5Array'
  
  Packages suggested but not available for checking:
    'DESeq2', 'EnhancedVolcano', 'SingleCellExperiment',
    'SummarizedExperiment'
  
  See section ‘The DESCRIPTION file’ in the ‘Writing R Extensions’
  manual.
Flavor: r-patched-linux-x86_64
Version: 2.2.1
Check: package dependencies
Result: NOTE
  Package suggested but not available for checking: ‘reactome.db’
Flavor: r-oldrel-macos-arm64
Version: 2.2.1
Check: installed package size
Result: NOTE
    installed size is 11.1Mb
    sub-directories of 1Mb or more:
      R      2.0Mb
      libs   6.9Mb
Flavors: r-oldrel-macos-arm64, r-oldrel-macos-x86_64