Last updated on 2025-11-03 00:50:14 CET.
| Flavor | Version | Tinstall | Tcheck | Ttotal | Status | Flags | 
|---|---|---|---|---|---|---|
| r-devel-linux-x86_64-debian-clang | 1.1.4 | 5.29 | 293.85 | 299.14 | NOTE | |
| r-devel-linux-x86_64-debian-gcc | 1.1.4 | 4.45 | 218.95 | 223.40 | NOTE | |
| r-devel-linux-x86_64-fedora-clang | 1.1.4 | 21.00 | 463.71 | 484.71 | OK | |
| r-devel-linux-x86_64-fedora-gcc | 1.1.4 | 33.00 | 546.53 | 579.53 | OK | |
| r-devel-windows-x86_64 | 1.1.4 | 9.00 | 368.00 | 377.00 | OK | |
| r-patched-linux-x86_64 | 1.1.4 | 6.46 | 287.06 | 293.52 | OK | |
| r-release-linux-x86_64 | 1.1.4 | 6.03 | 57.44 | 63.47 | ERROR | |
| r-release-macos-arm64 | 1.1.4 | 3.00 | 203.00 | 206.00 | OK | |
| r-release-macos-x86_64 | 1.1.4 | 5.00 | 448.00 | 453.00 | OK | |
| r-release-windows-x86_64 | 1.1.4 | 9.00 | 355.00 | 364.00 | OK | |
| r-oldrel-macos-arm64 | 1.1.4 | 3.00 | 204.00 | 207.00 | OK | |
| r-oldrel-macos-x86_64 | 1.1.4 | 4.00 | 321.00 | 325.00 | OK | |
| r-oldrel-windows-x86_64 | 1.1.4 | 12.00 | 426.00 | 438.00 | OK | 
Version: 1.1.4
Check: CRAN incoming feasibility
Result: NOTE
  Maintainer: ‘Gerry Tonkin-Hill <g.tonkinhill@gmail.com>’
  
  Package CITATION file contains call(s) to old-style personList() or
  as.personList().  Please use c() on person objects instead.
  Package CITATION file contains call(s) to old-style citEntry().  Please
  use bibentry() instead.
Flavors: r-devel-linux-x86_64-debian-clang, r-devel-linux-x86_64-debian-gcc
Version: 1.1.4
Check: re-building of vignette outputs
Result: ERROR
  Error(s) in re-building vignettes:
    ...
  --- re-building ‘introduction.Rmd’ using rmarkdown
  
  Quitting from introduction.Rmd:39-46 [unnamed-chunk-1]
  ~~~~~~~~~~~~~~~~~~~~~~~~~~~~~~~~~~~~~~~~~~~~~~~~~~~~~~~~~~~~~~~~~~~~~~~~~~~~~~~~
  <error/rlang_error>
  Error in `library()`:
  ! there is no package called 'ggtree'
  ---
  Backtrace:
      ▆
   1. └─base::library(ggtree)
  ~~~~~~~~~~~~~~~~~~~~~~~~~~~~~~~~~~~~~~~~~~~~~~~~~~~~~~~~~~~~~~~~~~~~~~~~~~~~~~~~
  
  Error: processing vignette 'introduction.Rmd' failed with diagnostics:
  there is no package called 'ggtree'
  --- failed re-building ‘introduction.Rmd’
  
  SUMMARY: processing the following file failed:
    ‘introduction.Rmd’
  
  Error: Vignette re-building failed.
  Execution halted
Flavor: r-release-linux-x86_64