CRAN Package Check Results for Package retroharmonize

Last updated on 2025-11-24 00:48:52 CET.

Flavor Version Tinstall Tcheck Ttotal Status Flags
r-devel-linux-x86_64-debian-clang 0.2.0 6.89 129.30 136.19 NOTE
r-devel-linux-x86_64-debian-gcc 0.2.0 4.97 89.22 94.19 NOTE
r-devel-linux-x86_64-fedora-clang 0.2.0 20.00 197.54 217.54 NOTE
r-devel-linux-x86_64-fedora-gcc 0.2.0 17.00 193.39 210.39 NOTE
r-devel-windows-x86_64 0.2.0 10.00 134.00 144.00 NOTE
r-patched-linux-x86_64 0.2.0 7.80 120.26 128.06 NOTE
r-release-linux-x86_64 0.2.0 7.12 118.61 125.73 NOTE
r-release-macos-arm64 0.2.0 NOTE
r-release-macos-x86_64 0.2.0 6.00 130.00 136.00 NOTE
r-release-windows-x86_64 0.2.0 10.00 139.00 149.00 NOTE
r-oldrel-macos-arm64 0.2.0 NOTE
r-oldrel-macos-x86_64 0.2.0 5.00 92.00 97.00 NOTE
r-oldrel-windows-x86_64 0.2.0 14.00 173.00 187.00 NOTE

Check Details

Version: 0.2.0
Check: Rd files
Result: NOTE checkRd: (-1) harmonize_values.Rd:44: Lost braces; missing escapes or markup? 44 | \item{perl}{Use perl-like regex? Defaults to {FALSE}.} | ^ Flavors: r-devel-linux-x86_64-debian-clang, r-devel-linux-x86_64-debian-gcc, r-devel-linux-x86_64-fedora-clang, r-devel-linux-x86_64-fedora-gcc, r-devel-windows-x86_64, r-patched-linux-x86_64, r-release-linux-x86_64, r-release-macos-arm64, r-release-macos-x86_64, r-release-windows-x86_64, r-oldrel-macos-arm64, r-oldrel-macos-x86_64, r-oldrel-windows-x86_64

Version: 0.2.0
Check: installed package size
Result: NOTE installed size is 5.6Mb sub-directories of 1Mb or more: doc 1.1Mb examples 1.9Mb Flavors: r-oldrel-macos-arm64, r-oldrel-macos-x86_64, r-oldrel-windows-x86_64