Last updated on 2025-11-24 00:48:52 CET.
| Flavor | Version | Tinstall | Tcheck | Ttotal | Status | Flags |
|---|---|---|---|---|---|---|
| r-devel-linux-x86_64-debian-clang | 0.0.5 | 93.36 | 28.88 | 122.24 | NOTE | |
| r-devel-linux-x86_64-debian-gcc | 0.0.5 | 55.34 | 22.96 | 78.30 | NOTE | |
| r-devel-linux-x86_64-fedora-clang | 0.0.5 | 117.00 | 129.02 | 246.02 | NOTE | |
| r-devel-linux-x86_64-fedora-gcc | 0.0.5 | 126.00 | 75.68 | 201.68 | NOTE | |
| r-devel-windows-x86_64 | 0.0.5 | 113.00 | 67.00 | 180.00 | NOTE | |
| r-patched-linux-x86_64 | 0.0.5 | 87.35 | 26.77 | 114.12 | NOTE | |
| r-release-linux-x86_64 | 0.0.5 | 86.92 | 26.66 | 113.58 | NOTE | |
| r-release-macos-arm64 | 0.0.5 | NOTE | ||||
| r-release-macos-x86_64 | 0.0.5 | 25.00 | 28.00 | 53.00 | NOTE | |
| r-release-windows-x86_64 | 0.0.5 | 105.00 | 72.00 | 177.00 | NOTE | |
| r-oldrel-macos-arm64 | 0.0.5 | NOTE | ||||
| r-oldrel-macos-x86_64 | 0.0.5 | 25.00 | 23.00 | 48.00 | NOTE | |
| r-oldrel-windows-x86_64 | 0.0.5 | 119.00 | 77.00 | 196.00 | NOTE |
Version: 0.0.5
Check: Rd files
Result: NOTE
checkRd: (-1) farthest_point_sampling.Rd:28: Lost braces; missing escapes or markup?
28 | space P = {p_1, ..., p_k}, such that each p_i is the farthest
| ^
Flavors: r-devel-linux-x86_64-debian-clang, r-devel-linux-x86_64-debian-gcc, r-devel-linux-x86_64-fedora-clang, r-devel-linux-x86_64-fedora-gcc, r-devel-windows-x86_64, r-patched-linux-x86_64, r-release-linux-x86_64, r-release-macos-arm64, r-release-macos-x86_64, r-release-windows-x86_64, r-oldrel-macos-arm64, r-oldrel-macos-x86_64, r-oldrel-windows-x86_64
Version: 0.0.5
Check: LazyData
Result: NOTE
'LazyData' is specified without a 'data' directory
Flavors: r-oldrel-macos-arm64, r-oldrel-macos-x86_64, r-oldrel-windows-x86_64