Last updated on 2025-06-27 01:49:41 CEST.
Flavor | Version | Tinstall | Tcheck | Ttotal | Status | Flags |
---|---|---|---|---|---|---|
r-devel-linux-x86_64-debian-clang | 0.38.10 | 484.61 | 83.07 | 567.68 | OK | |
r-devel-linux-x86_64-debian-gcc | 0.38.10 | 388.73 | 56.97 | 445.70 | OK | |
r-devel-linux-x86_64-fedora-clang | 0.38.10 | 1107.78 | OK | |||
r-devel-linux-x86_64-fedora-gcc | 0.38.10 | 1105.24 | OK | |||
r-devel-windows-x86_64 | 0.38.10 | 668.00 | 146.00 | 814.00 | OK | |
r-patched-linux-x86_64 | OK | |||||
r-release-linux-x86_64 | 0.38.10 | 543.29 | 76.58 | 619.87 | OK | |
r-release-macos-arm64 | 0.38.10 | 198.00 | OK | |||
r-release-macos-x86_64 | 0.38.10 | 180.00 | OK | |||
r-release-windows-x86_64 | 0.38.10 | 673.00 | 149.00 | 822.00 | OK | |
r-oldrel-macos-arm64 | 0.38.10 | 188.00 | NOTE | |||
r-oldrel-macos-x86_64 | 0.38.10 | 185.00 | NOTE | |||
r-oldrel-windows-x86_64 | 0.38.10 | 767.00 | 174.00 | 941.00 | NOTE |
Version: 0.38.10
Check: installed package size
Result: NOTE
installed size is 26.3Mb
sub-directories of 1Mb or more:
libs 25.4Mb
Flavors: r-oldrel-macos-arm64, r-oldrel-macos-x86_64, r-oldrel-windows-x86_64