Last updated on 2025-11-24 00:48:53 CET.
| Flavor | Version | Tinstall | Tcheck | Ttotal | Status | Flags |
|---|---|---|---|---|---|---|
| r-devel-linux-x86_64-debian-clang | 0.3.2 | 8.89 | 66.02 | 74.91 | NOTE | |
| r-devel-linux-x86_64-debian-gcc | 0.3.2 | 6.22 | 48.04 | 54.26 | NOTE | |
| r-devel-linux-x86_64-fedora-clang | 0.3.2 | 20.00 | 97.99 | 117.99 | OK | |
| r-devel-linux-x86_64-fedora-gcc | 0.3.2 | 21.00 | 86.39 | 107.39 | OK | |
| r-devel-windows-x86_64 | 0.3.2 | 13.00 | 80.00 | 93.00 | OK | |
| r-patched-linux-x86_64 | 0.3.2 | 9.94 | 61.26 | 71.20 | OK | |
| r-release-linux-x86_64 | 0.3.2 | 6.91 | 60.63 | 67.54 | OK | |
| r-release-macos-arm64 | 0.3.2 | OK | ||||
| r-release-macos-x86_64 | 0.3.2 | 8.00 | 57.00 | 65.00 | OK | |
| r-release-windows-x86_64 | 0.3.2 | 13.00 | 95.00 | 108.00 | OK | |
| r-oldrel-macos-arm64 | 0.3.2 | NOTE | ||||
| r-oldrel-macos-x86_64 | 0.3.2 | 6.00 | 38.00 | 44.00 | NOTE | |
| r-oldrel-windows-x86_64 | 0.3.2 | 15.00 | 98.00 | 113.00 | NOTE |
Version: 0.3.2
Check: CRAN incoming feasibility
Result: NOTE
Maintainer: ‘Jonathan Dench <jdenc017@gmail.com>’
No Authors@R field in DESCRIPTION.
Please add one, modifying
Authors@R: person(given = "Jonathan",
family = "Dench",
role = c("aut", "cre"),
email = "jdenc017@gmail.com")
as necessary.
Flavors: r-devel-linux-x86_64-debian-clang, r-devel-linux-x86_64-debian-gcc
Version: 0.3.2
Check: LazyData
Result: NOTE
'LazyData' is specified without a 'data' directory
Flavors: r-oldrel-macos-arm64, r-oldrel-macos-x86_64, r-oldrel-windows-x86_64