Last updated on 2025-11-24 00:48:51 CET.
| Flavor | Version | Tinstall | Tcheck | Ttotal | Status | Flags |
|---|---|---|---|---|---|---|
| r-devel-linux-x86_64-debian-clang | 1.72 | 79.62 | 344.26 | 423.88 | OK | |
| r-devel-linux-x86_64-debian-gcc | 1.72 | 51.09 | 225.88 | 276.97 | OK | |
| r-devel-linux-x86_64-fedora-clang | 1.72 | 580.00 | 113.34 | 693.34 | OK | |
| r-devel-linux-x86_64-fedora-gcc | 1.72 | 382.00 | 328.30 | 710.30 | OK | |
| r-devel-windows-x86_64 | 1.70 | 129.00 | 365.00 | 494.00 | OK | |
| r-patched-linux-x86_64 | 1.70 | 76.42 | 318.55 | 394.97 | OK | |
| r-release-linux-x86_64 | 1.72 | 70.11 | 318.43 | 388.54 | OK | |
| r-release-macos-arm64 | 1.72 | 14.00 | 76.00 | 90.00 | OK | |
| r-release-macos-x86_64 | 1.72 | 52.00 | 314.00 | 366.00 | OK | |
| r-release-windows-x86_64 | 1.70 | 90.00 | 381.00 | 471.00 | OK | |
| r-oldrel-macos-arm64 | 1.72 | 14.00 | 89.00 | 103.00 | NOTE | |
| r-oldrel-macos-x86_64 | 1.72 | 62.00 | 373.00 | 435.00 | NOTE | |
| r-oldrel-windows-x86_64 | 1.70 | 121.00 | 459.00 | 580.00 | NOTE |
Version: 1.72
Check: installed package size
Result: NOTE
installed size is 11.5Mb
sub-directories of 1Mb or more:
R 2.0Mb
contrib 3.7Mb
doc 3.0Mb
libs 1.3Mb
Flavors: r-oldrel-macos-arm64, r-oldrel-macos-x86_64
Version: 1.70
Check: installed package size
Result: NOTE
installed size is 10.2Mb
sub-directories of 1Mb or more:
R 1.7Mb
contrib 3.7Mb
doc 2.9Mb
Flavor: r-oldrel-windows-x86_64