Last updated on 2025-11-03 00:50:12 CET.
| Flavor | Version | Tinstall | Tcheck | Ttotal | Status | Flags | 
|---|---|---|---|---|---|---|
| r-devel-linux-x86_64-debian-clang | 1.4-2 | 15.46 | 131.09 | 146.55 | OK | |
| r-devel-linux-x86_64-debian-gcc | 1.4-2 | 10.47 | 92.62 | 103.09 | OK | |
| r-devel-linux-x86_64-fedora-clang | 1.4-2 | 34.00 | 188.87 | 222.87 | OK | |
| r-devel-linux-x86_64-fedora-gcc | 1.4-2 | 50.00 | 168.09 | 218.09 | OK | |
| r-devel-windows-x86_64 | 1.4-2 | 21.00 | 155.00 | 176.00 | OK | |
| r-patched-linux-x86_64 | 1.4-2 | 14.77 | 124.64 | 139.41 | OK | |
| r-release-linux-x86_64 | 1.4-2 | 14.20 | 125.92 | 140.12 | OK | |
| r-release-macos-arm64 | 1.4-2 | 7.00 | 53.00 | 60.00 | OK | |
| r-release-macos-x86_64 | 1.4-2 | 15.00 | 112.00 | 127.00 | OK | |
| r-release-windows-x86_64 | 1.4-2 | 21.00 | 153.00 | 174.00 | OK | |
| r-oldrel-macos-arm64 | 1.4-2 | 7.00 | 57.00 | 64.00 | NOTE | |
| r-oldrel-macos-x86_64 | 1.4-2 | 21.00 | 163.00 | 184.00 | NOTE | |
| r-oldrel-windows-x86_64 | 1.4-2 | 28.00 | 192.00 | 220.00 | OK | 
Version: 1.4-2
Check: installed package size
Result: NOTE
    installed size is  5.0Mb
    sub-directories of 1Mb or more:
      data   3.7Mb
Flavors: r-oldrel-macos-arm64, r-oldrel-macos-x86_64