Last updated on 2025-11-24 00:48:50 CET.
| Flavor | Version | Tinstall | Tcheck | Ttotal | Status | Flags |
|---|---|---|---|---|---|---|
| r-devel-linux-x86_64-debian-clang | 0.0.3 | 2.33 | 29.82 | 32.15 | OK | |
| r-devel-linux-x86_64-debian-gcc | 0.0.3 | 2.13 | 23.58 | 25.71 | OK | |
| r-devel-linux-x86_64-fedora-clang | 0.0.3 | 50.52 | OK | |||
| r-devel-linux-x86_64-fedora-gcc | 0.0.3 | 63.93 | OK | |||
| r-devel-windows-x86_64 | 0.0.3 | 6.00 | 46.00 | 52.00 | OK | |
| r-patched-linux-x86_64 | 0.0.3 | 1.87 | 28.73 | 30.60 | OK | |
| r-release-linux-x86_64 | 0.0.3 | 2.65 | 28.71 | 31.36 | OK | |
| r-release-macos-arm64 | 0.0.3 | OK | ||||
| r-release-macos-x86_64 | 0.0.3 | 2.00 | 44.00 | 46.00 | OK | |
| r-release-windows-x86_64 | 0.0.3 | 6.00 | 54.00 | 60.00 | OK | |
| r-oldrel-macos-arm64 | 0.0.3 | NOTE | ||||
| r-oldrel-macos-x86_64 | 0.0.3 | 2.00 | 36.00 | 38.00 | NOTE | |
| r-oldrel-windows-x86_64 | 0.0.3 | 6.00 | 54.00 | 60.00 | NOTE |
Version: 0.0.3
Check: LazyData
Result: NOTE
'LazyData' is specified without a 'data' directory
Flavors: r-oldrel-macos-arm64, r-oldrel-macos-x86_64, r-oldrel-windows-x86_64