Last updated on 2025-11-24 00:48:50 CET.
| Flavor | Version | Tinstall | Tcheck | Ttotal | Status | Flags |
|---|---|---|---|---|---|---|
| r-devel-linux-x86_64-debian-clang | 1.2 | 55.80 | 82.63 | 138.43 | NOTE | |
| r-devel-linux-x86_64-debian-gcc | 1.2 | 36.88 | 57.89 | 94.77 | NOTE | |
| r-devel-linux-x86_64-fedora-clang | 1.2 | 103.00 | 136.91 | 239.91 | NOTE | |
| r-devel-linux-x86_64-fedora-gcc | 1.2 | 214.00 | 17.58 | 231.58 | NOTE | |
| r-devel-windows-x86_64 | 1.2 | 69.00 | 102.00 | 171.00 | NOTE | |
| r-patched-linux-x86_64 | 1.2 | 57.22 | 78.79 | 136.01 | NOTE | |
| r-release-linux-x86_64 | 1.2 | 54.44 | 79.68 | 134.12 | NOTE | |
| r-release-macos-arm64 | 1.2 | NOTE | ||||
| r-release-macos-x86_64 | 1.2 | 28.00 | 76.00 | 104.00 | NOTE | |
| r-release-windows-x86_64 | 1.2 | 62.00 | 124.00 | 186.00 | NOTE | |
| r-oldrel-macos-arm64 | 1.2 | NOTE | ||||
| r-oldrel-macos-x86_64 | 1.2 | 21.00 | 57.00 | 78.00 | NOTE | |
| r-oldrel-windows-x86_64 | 1.2 | 75.00 | 127.00 | 202.00 | NOTE |
Version: 1.2
Check: CRAN incoming feasibility
Result: NOTE
Maintainer: ‘Stephen Reid <sreid1652@gmail.com>’
No Authors@R field in DESCRIPTION.
Please add one, modifying
Authors@R: person(given = "Stephen",
family = "Reid",
role = c("aut", "cre"),
email = "sreid1652@gmail.com")
as necessary.
Flavors: r-devel-linux-x86_64-debian-clang, r-devel-linux-x86_64-debian-gcc
Version: 1.2
Check: Rd files
Result: NOTE
checkRd: (-1) prototest.univariate.Rd:21: Lost braces
21 | response variable. Vector of length emph{n}, assumed to be quantitative.
| ^
Flavors: r-devel-linux-x86_64-debian-clang, r-devel-linux-x86_64-debian-gcc, r-devel-linux-x86_64-fedora-clang, r-devel-linux-x86_64-fedora-gcc, r-devel-windows-x86_64, r-patched-linux-x86_64, r-release-linux-x86_64, r-release-macos-arm64, r-release-macos-x86_64, r-release-windows-x86_64, r-oldrel-macos-arm64, r-oldrel-macos-x86_64, r-oldrel-windows-x86_64
Version: 1.2
Check: compiled code
Result: NOTE
File ‘prototest/libs/prototest.so’:
Found no calls to: ‘R_registerRoutines’, ‘R_useDynamicSymbols’
It is good practice to register native routines and to disable symbol
search.
See ‘Writing portable packages’ in the ‘Writing R Extensions’ manual.
Flavors: r-devel-linux-x86_64-fedora-clang, r-devel-linux-x86_64-fedora-gcc