Last updated on 2025-11-03 00:50:11 CET.
| Flavor | Version | Tinstall | Tcheck | Ttotal | Status | Flags | 
|---|---|---|---|---|---|---|
| r-devel-linux-x86_64-debian-clang | 0.1.1 | 28.39 | 117.35 | 145.74 | OK | |
| r-devel-linux-x86_64-debian-gcc | 0.1.1 | 17.82 | 81.58 | 99.40 | OK | |
| r-devel-linux-x86_64-fedora-clang | 0.1.1 | 50.00 | 171.94 | 221.94 | OK | |
| r-devel-linux-x86_64-fedora-gcc | 0.1.1 | 47.00 | 177.81 | 224.81 | OK | |
| r-devel-windows-x86_64 | 0.1.1 | 33.00 | 132.00 | 165.00 | OK | |
| r-patched-linux-x86_64 | 0.1.1 | 28.02 | 112.09 | 140.11 | OK | |
| r-release-linux-x86_64 | 0.1.1 | 25.56 | 108.25 | 133.81 | OK | |
| r-release-macos-arm64 | 0.1.1 | 14.00 | 65.00 | 79.00 | OK | |
| r-release-macos-x86_64 | 0.1.1 | 19.00 | 87.00 | 106.00 | OK | |
| r-release-windows-x86_64 | 0.1.1 | 33.00 | 130.00 | 163.00 | OK | |
| r-oldrel-macos-arm64 | 0.1.1 | 13.00 | 46.00 | 59.00 | NOTE | |
| r-oldrel-macos-x86_64 | 0.1.1 | 16.00 | 71.00 | 87.00 | NOTE | |
| r-oldrel-windows-x86_64 | 0.1.1 | 46.00 | 167.00 | 213.00 | NOTE | 
Version: 0.1.1
Check: installed package size
Result: NOTE
    installed size is  6.3Mb
    sub-directories of 1Mb or more:
      data   2.6Mb
      doc    1.8Mb
      libs   1.4Mb
Flavors: r-oldrel-macos-arm64, r-oldrel-macos-x86_64, r-oldrel-windows-x86_64