Last updated on 2025-11-24 00:48:50 CET.
| Flavor | Version | Tinstall | Tcheck | Ttotal | Status | Flags |
|---|---|---|---|---|---|---|
| r-devel-linux-x86_64-debian-clang | 0.12.2 | 24.11 | 256.24 | 280.35 | ERROR | |
| r-devel-linux-x86_64-debian-gcc | 0.12.2 | 15.32 | 159.42 | 174.74 | ERROR | |
| r-devel-linux-x86_64-fedora-clang | 0.12.2 | 166.00 | 276.84 | 442.84 | ERROR | |
| r-devel-linux-x86_64-fedora-gcc | 0.12.2 | 102.00 | 325.99 | 427.99 | ERROR | |
| r-devel-windows-x86_64 | 0.12.2 | 34.00 | 240.00 | 274.00 | OK | |
| r-patched-linux-x86_64 | 0.12.2 | 34.16 | 220.04 | 254.20 | ERROR | |
| r-release-linux-x86_64 | 0.12.2 | 22.49 | 217.73 | 240.22 | ERROR | |
| r-release-macos-arm64 | 0.12.2 | OK | ||||
| r-release-macos-x86_64 | 0.12.2 | 26.00 | 173.00 | 199.00 | OK | |
| r-release-windows-x86_64 | 0.12.2 | 25.00 | 251.00 | 276.00 | ERROR | |
| r-oldrel-macos-arm64 | 0.12.2 | OK | ||||
| r-oldrel-macos-x86_64 | 0.12.2 | 20.00 | 118.00 | 138.00 | OK | |
| r-oldrel-windows-x86_64 | 0.12.2 | 35.00 | 298.00 | 333.00 | ERROR |
Version: 0.12.2
Check: tests
Result: ERROR
Running ‘testthat.R’ [61s/81s]
Running the tests in ‘tests/testthat.R’ failed.
Complete output:
> library(testthat)
> library(pointblank)
> library(dittodb)
Loading required package: DBI
> test_check("pointblank")
Saving _problems/test-tidyselect_integration-76.R
[ FAIL 1 | WARN 0 | SKIP 0 | PASS 1824 ]
══ Failed tests ════════════════════════════════════════════════════════════════
── Failure ('test-tidyselect_integration.R:73:3'): Full range of tidyselect features available in column selection ──
Expected exactly one success and no failures.
Actually succeeded 2 times
[ FAIL 1 | WARN 0 | SKIP 0 | PASS 1824 ]
Error:
! Test failures.
Execution halted
Flavor: r-devel-linux-x86_64-debian-clang
Version: 0.12.2
Check: tests
Result: ERROR
Running ‘testthat.R’ [39s/51s]
Running the tests in ‘tests/testthat.R’ failed.
Complete output:
> library(testthat)
> library(pointblank)
> library(dittodb)
Loading required package: DBI
> test_check("pointblank")
Saving _problems/test-tidyselect_integration-76.R
[ FAIL 1 | WARN 0 | SKIP 0 | PASS 1824 ]
══ Failed tests ════════════════════════════════════════════════════════════════
── Failure ('test-tidyselect_integration.R:73:3'): Full range of tidyselect features available in column selection ──
Expected exactly one success and no failures.
Actually succeeded 2 times
[ FAIL 1 | WARN 0 | SKIP 0 | PASS 1824 ]
Error:
! Test failures.
Execution halted
Flavor: r-devel-linux-x86_64-debian-gcc
Version: 0.12.2
Check: tests
Result: ERROR
Running ‘testthat.R’ [99s/274s]
Running the tests in ‘tests/testthat.R’ failed.
Complete output:
> library(testthat)
> library(pointblank)
> library(dittodb)
Loading required package: DBI
> test_check("pointblank")
Saving _problems/test-tidyselect_integration-76.R
[ FAIL 1 | WARN 0 | SKIP 0 | PASS 1824 ]
══ Failed tests ════════════════════════════════════════════════════════════════
── Failure ('test-tidyselect_integration.R:73:3'): Full range of tidyselect features available in column selection ──
Expected exactly one success and no failures.
Actually succeeded 2 times
[ FAIL 1 | WARN 0 | SKIP 0 | PASS 1824 ]
Error:
! Test failures.
Execution halted
Flavor: r-devel-linux-x86_64-fedora-clang
Version: 0.12.2
Check: tests
Result: ERROR
Running ‘testthat.R’ [96s/267s]
Running the tests in ‘tests/testthat.R’ failed.
Complete output:
> library(testthat)
> library(pointblank)
> library(dittodb)
Loading required package: DBI
> test_check("pointblank")
Saving _problems/test-tidyselect_integration-76.R
[ FAIL 1 | WARN 0 | SKIP 0 | PASS 1824 ]
══ Failed tests ════════════════════════════════════════════════════════════════
── Failure ('test-tidyselect_integration.R:73:3'): Full range of tidyselect features available in column selection ──
Expected exactly one success and no failures.
Actually succeeded 2 times
[ FAIL 1 | WARN 0 | SKIP 0 | PASS 1824 ]
Error:
! Test failures.
Execution halted
Flavor: r-devel-linux-x86_64-fedora-gcc
Version: 0.12.2
Check: tests
Result: ERROR
Running ‘testthat.R’ [58s/77s]
Running the tests in ‘tests/testthat.R’ failed.
Complete output:
> library(testthat)
> library(pointblank)
> library(dittodb)
Loading required package: DBI
> test_check("pointblank")
Saving _problems/test-tidyselect_integration-76.R
[ FAIL 1 | WARN 0 | SKIP 0 | PASS 1824 ]
══ Failed tests ════════════════════════════════════════════════════════════════
── Failure ('test-tidyselect_integration.R:73:3'): Full range of tidyselect features available in column selection ──
Expected exactly one success and no failures.
Actually succeeded 2 times
[ FAIL 1 | WARN 0 | SKIP 0 | PASS 1824 ]
Error:
! Test failures.
Execution halted
Flavor: r-patched-linux-x86_64
Version: 0.12.2
Check: tests
Result: ERROR
Running ‘testthat.R’ [57s/69s]
Running the tests in ‘tests/testthat.R’ failed.
Complete output:
> library(testthat)
> library(pointblank)
> library(dittodb)
Loading required package: DBI
> test_check("pointblank")
Saving _problems/test-tidyselect_integration-76.R
[ FAIL 1 | WARN 0 | SKIP 0 | PASS 1824 ]
══ Failed tests ════════════════════════════════════════════════════════════════
── Failure ('test-tidyselect_integration.R:73:3'): Full range of tidyselect features available in column selection ──
Expected exactly one success and no failures.
Actually succeeded 2 times
[ FAIL 1 | WARN 0 | SKIP 0 | PASS 1824 ]
Error:
! Test failures.
Execution halted
Flavor: r-release-linux-x86_64
Version: 0.12.2
Check: tests
Result: ERROR
Running 'testthat.R' [48s]
Running the tests in 'tests/testthat.R' failed.
Complete output:
> library(testthat)
> library(pointblank)
> library(dittodb)
Loading required package: DBI
> test_check("pointblank")
Saving _problems/test-tidyselect_integration-76.R
[ FAIL 1 | WARN 0 | SKIP 0 | PASS 1824 ]
══ Failed tests ════════════════════════════════════════════════════════════════
── Failure ('test-tidyselect_integration.R:73:3'): Full range of tidyselect features available in column selection ──
Expected exactly one success and no failures.
Actually succeeded 2 times
[ FAIL 1 | WARN 0 | SKIP 0 | PASS 1824 ]
Error:
! Test failures.
Execution halted
Flavor: r-release-windows-x86_64
Version: 0.12.2
Check: tests
Result: ERROR
Running 'testthat.R' [69s]
Running the tests in 'tests/testthat.R' failed.
Complete output:
> library(testthat)
> library(pointblank)
> library(dittodb)
Loading required package: DBI
> test_check("pointblank")
Saving _problems/test-tidyselect_integration-76.R
[ FAIL 1 | WARN 0 | SKIP 0 | PASS 1824 ]
══ Failed tests ════════════════════════════════════════════════════════════════
── Failure ('test-tidyselect_integration.R:73:3'): Full range of tidyselect features available in column selection ──
Expected exactly one success and no failures.
Actually succeeded 2 times
[ FAIL 1 | WARN 0 | SKIP 0 | PASS 1824 ]
Error:
! Test failures.
Execution halted
Flavor: r-oldrel-windows-x86_64