CRAN Package Check Results for Package penMSM

Last updated on 2024-12-20 00:48:36 CET.

Flavor Version Tinstall Tcheck Ttotal Status Flags
r-devel-linux-x86_64-debian-clang 0.99 10.10 23.59 33.69 OK
r-devel-linux-x86_64-debian-gcc 0.99 7.43 19.29 26.72 OK
r-devel-linux-x86_64-fedora-clang 0.99 59.78 NOTE
r-devel-linux-x86_64-fedora-gcc 0.99 57.62 NOTE
r-devel-windows-x86_64 0.99 12.00 67.00 79.00 OK
r-patched-linux-x86_64 0.99 10.45 22.60 33.05 OK
r-release-linux-x86_64 0.99 10.18 22.41 32.59 OK
r-release-macos-arm64 0.99 20.00 OK
r-release-macos-x86_64 0.99 30.00 OK
r-release-windows-x86_64 0.99 12.00 74.00 86.00 OK
r-oldrel-macos-arm64 0.99 21.00 OK
r-oldrel-macos-x86_64 0.99 35.00 OK
r-oldrel-windows-x86_64 0.99 13.00 68.00 81.00 OK

Check Details

Version: 0.99
Check: compiled code
Result: NOTE File ‘penMSM/libs/penMSM.so’: Found no calls to: ‘R_registerRoutines’, ‘R_useDynamicSymbols’ It is good practice to register native routines and to disable symbol search. See ‘Writing portable packages’ in the ‘Writing R Extensions’ manual. Flavors: r-devel-linux-x86_64-fedora-clang, r-devel-linux-x86_64-fedora-gcc