CRAN Package Check Results for Package pedquant

Last updated on 2025-06-27 01:49:39 CEST.

Flavor Version Tinstall Tcheck Ttotal Status Flags
r-devel-linux-x86_64-debian-clang 0.2.4 10.57 76.57 87.14 NOTE
r-devel-linux-x86_64-debian-gcc 0.2.4 8.63 55.53 64.16 NOTE
r-devel-linux-x86_64-fedora-clang 0.2.4 137.08 OK
r-devel-linux-x86_64-fedora-gcc 0.2.4 125.28 OK
r-devel-windows-x86_64 0.2.4 13.00 87.00 100.00 NOTE
r-patched-linux-x86_64 NOTE
r-release-linux-x86_64 0.2.4 12.62 71.28 83.90 NOTE
r-release-macos-arm64 0.2.4 41.00 OK
r-release-macos-x86_64 0.2.4 96.00 OK
r-release-windows-x86_64 0.2.4 14.00 88.00 102.00 NOTE
r-oldrel-macos-arm64 0.2.4 39.00 OK
r-oldrel-macos-x86_64 0.2.4 57.00 OK
r-oldrel-windows-x86_64 0.2.4 18.00 106.00 124.00 OK

Check Details

Version: 0.2.4
Check: Rd cross-references
Result: NOTE Found the following Rd file(s) with Rd \link{} targets missing package anchors: pq_plot.Rd: e_theme Please provide package anchors for all Rd \link{} targets not in the package itself and the base packages. Flavors: r-devel-linux-x86_64-debian-clang, r-devel-linux-x86_64-debian-gcc, r-devel-windows-x86_64, r-patched-linux-x86_64, r-release-linux-x86_64, r-release-windows-x86_64