Last updated on 2025-11-24 00:48:49 CET.
| Flavor | Version | Tinstall | Tcheck | Ttotal | Status | Flags |
|---|---|---|---|---|---|---|
| r-devel-linux-x86_64-debian-clang | 2.2-17 | 20.20 | 94.28 | 114.48 | NOTE | |
| r-devel-linux-x86_64-debian-gcc | 2.2-17 | 16.42 | 75.09 | 91.51 | NOTE | |
| r-devel-linux-x86_64-fedora-clang | 2.2-17 | 59.00 | 128.94 | 187.94 | OK | |
| r-devel-linux-x86_64-fedora-gcc | 2.2-17 | 49.00 | 125.11 | 174.11 | OK | |
| r-devel-windows-x86_64 | 2.2-17 | 38.00 | 111.00 | 149.00 | OK | |
| r-patched-linux-x86_64 | 2.2-17 | 23.70 | 92.61 | 116.31 | OK | |
| r-release-linux-x86_64 | 2.2-17 | 21.40 | 93.93 | 115.33 | OK | |
| r-release-macos-arm64 | 2.2-17 | OK | ||||
| r-release-macos-x86_64 | 2.2-17 | 20.00 | 114.00 | 134.00 | OK | |
| r-release-windows-x86_64 | 2.2-17 | 33.00 | 122.00 | 155.00 | OK | |
| r-oldrel-macos-arm64 | 2.2-17 | OK | ||||
| r-oldrel-macos-x86_64 | 2.2-17 | 17.00 | 91.00 | 108.00 | OK | |
| r-oldrel-windows-x86_64 | 2.2-17 | 38.00 | 128.00 | 166.00 | OK |
Version: 2.2-17
Check: CRAN incoming feasibility
Result: NOTE
Maintainer: ‘Thomas Hoffmann <tjhoffm@gmail.com>’
No Authors@R field in DESCRIPTION.
Please add one, modifying
Authors@R: c(person(given = "Thomas",
family = "Hoffmann",
role = c("aut", "cre"),
email = "tjhoffm@gmail.com"),
person(given = c("with", "contributions", "from", "Christoph"),
family = "Lange",
role = "aut",
email = "clange@hsph.harvard.edu"))
as necessary.
Flavors: r-devel-linux-x86_64-debian-clang, r-devel-linux-x86_64-debian-gcc