Last updated on 2025-11-03 00:50:10 CET.
| Flavor | Version | Tinstall | Tcheck | Ttotal | Status | Flags | 
|---|---|---|---|---|---|---|
| r-devel-linux-x86_64-debian-clang | 2.0.10 | 9.38 | 360.73 | 370.11 | OK | |
| r-devel-linux-x86_64-debian-gcc | 2.0.10 | 6.19 | 243.45 | 249.64 | OK | |
| r-devel-linux-x86_64-fedora-clang | 2.0.10 | 27.00 | 502.48 | 529.48 | OK | |
| r-devel-linux-x86_64-fedora-gcc | 2.0.10 | 22.00 | 488.21 | 510.21 | OK | |
| r-devel-windows-x86_64 | 2.0.10 | 12.00 | 298.00 | 310.00 | OK | |
| r-patched-linux-x86_64 | 2.0.10 | 9.93 | 346.67 | 356.60 | OK | |
| r-release-linux-x86_64 | 2.0.10 | 8.92 | 343.51 | 352.43 | OK | |
| r-release-macos-arm64 | 2.0.10 | 4.00 | 89.00 | 93.00 | OK | |
| r-release-macos-x86_64 | 2.0.10 | 10.00 | 220.00 | 230.00 | OK | |
| r-release-windows-x86_64 | 2.0.10 | 13.00 | 288.00 | 301.00 | OK | |
| r-oldrel-macos-arm64 | 2.0.10 | 4.00 | 91.00 | 95.00 | NOTE | |
| r-oldrel-macos-x86_64 | 2.0.10 | 8.00 | 196.00 | 204.00 | NOTE | |
| r-oldrel-windows-x86_64 | 2.0.10 | 15.00 | 419.00 | 434.00 | NOTE | 
Version: 2.0.10
Check: installed package size
Result: NOTE
    installed size is  7.1Mb
    sub-directories of 1Mb or more:
      doc   6.7Mb
Flavors: r-oldrel-macos-arm64, r-oldrel-macos-x86_64, r-oldrel-windows-x86_64