Last updated on 2025-11-24 00:48:50 CET.
| Flavor | Version | Tinstall | Tcheck | Ttotal | Status | Flags |
|---|---|---|---|---|---|---|
| r-devel-linux-x86_64-debian-clang | 0.5 | 6.50 | 28.64 | 35.14 | OK | |
| r-devel-linux-x86_64-debian-gcc | 0.5 | 4.84 | 23.56 | 28.40 | OK | |
| r-devel-linux-x86_64-fedora-clang | 0.5 | 34.00 | 22.88 | 56.88 | OK | |
| r-devel-linux-x86_64-fedora-gcc | 0.5 | 42.00 | 99.19 | 141.19 | OK | |
| r-devel-windows-x86_64 | 0.5 | 10.00 | 49.00 | 59.00 | OK | |
| r-patched-linux-x86_64 | 0.5 | 6.03 | 27.19 | 33.22 | OK | |
| r-release-linux-x86_64 | 0.5 | 6.41 | 26.94 | 33.35 | OK | |
| r-release-macos-arm64 | 0.5 | 2.00 | 28.00 | 30.00 | ERROR | |
| r-release-macos-x86_64 | 0.5 | 14.00 | 149.00 | 163.00 | ERROR | |
| r-release-windows-x86_64 | 0.5 | 10.00 | 52.00 | 62.00 | OK | |
| r-oldrel-macos-arm64 | 0.5 | 2.00 | 29.00 | 31.00 | ERROR | |
| r-oldrel-macos-x86_64 | 0.5 | 28.00 | 184.00 | 212.00 | ERROR | |
| r-oldrel-windows-x86_64 | 0.5 | 11.00 | 57.00 | 68.00 | OK |
Version: 0.5
Check: re-building of vignette outputs
Result: ERROR
Error(s) in re-building vignettes:
--- re-building ‘pQTLdata.Rmd’ using rmarkdown
Failed with error: 'there is no package called 'EnsDb.Hsapiens.v75''
2025-11-24 08:54:53.071 R[29672:660837] XType: Using static font registry.
Quitting from pQTLdata.Rmd:125-153 [refdata]
~~~~~~~~~~~~~~~~~~~~~~~~~~~~~~~~~~~~~~~~~~~~~~~~~~~~~~~~~~~~~~~~~~~~~~~~~~~~~~~~
<error/rlang_error>
Error in `h()`:
! error in evaluating the argument 'x' in selecting a method for function 'metadata': object 'EnsDb.Hsapiens.v75' not found
---
Backtrace:
▆
1. ├─ensembldb::metadata(EnsDb.Hsapiens.v75)
2. └─base::.handleSimpleError(...)
3. └─base (local) h(simpleError(msg, call))
~~~~~~~~~~~~~~~~~~~~~~~~~~~~~~~~~~~~~~~~~~~~~~~~~~~~~~~~~~~~~~~~~~~~~~~~~~~~~~~~
Error: processing vignette 'pQTLdata.Rmd' failed with diagnostics:
error in evaluating the argument 'x' in selecting a method for function 'metadata': object 'EnsDb.Hsapiens.v75' not found
--- failed re-building ‘pQTLdata.Rmd’
SUMMARY: processing the following file failed:
‘pQTLdata.Rmd’
Error: Vignette re-building failed.
Execution halted
Flavor: r-release-macos-arm64
Version: 0.5
Check: re-building of vignette outputs
Result: ERROR
Error(s) in re-building vignettes:
--- re-building ‘pQTLdata.Rmd’ using rmarkdown
Failed with error: 'there is no package called 'EnsDb.Hsapiens.v75''
Quitting from pQTLdata.Rmd:125-153 [refdata]
~~~~~~~~~~~~~~~~~~~~~~~~~~~~~~~~~~~~~~~~~~~~~~~~~~~~~~~~~~~~~~~~~~~~~~~~~~~~~~~~
<error/rlang_error>
Error in `h()`:
! error in evaluating the argument 'x' in selecting a method for function 'metadata': object 'EnsDb.Hsapiens.v75' not found
---
Backtrace:
▆
1. ├─ensembldb::metadata(EnsDb.Hsapiens.v75)
2. └─base::.handleSimpleError(...)
3. └─base (local) h(simpleError(msg, call))
~~~~~~~~~~~~~~~~~~~~~~~~~~~~~~~~~~~~~~~~~~~~~~~~~~~~~~~~~~~~~~~~~~~~~~~~~~~~~~~~
Error: processing vignette 'pQTLdata.Rmd' failed with diagnostics:
error in evaluating the argument 'x' in selecting a method for function 'metadata': object 'EnsDb.Hsapiens.v75' not found
--- failed re-building ‘pQTLdata.Rmd’
SUMMARY: processing the following file failed:
‘pQTLdata.Rmd’
Error: Vignette re-building failed.
Execution halted
Flavors: r-release-macos-x86_64, r-oldrel-macos-x86_64
Version: 0.5
Check: package dependencies
Result: NOTE
Package suggested but not available for checking: ‘EnsDb.Hsapiens.v75’
Flavors: r-oldrel-macos-arm64, r-oldrel-macos-x86_64
Version: 0.5
Check: re-building of vignette outputs
Result: ERROR
Error(s) in re-building vignettes:
--- re-building ‘pQTLdata.Rmd’ using rmarkdown
Failed with error: 'there is no package called 'EnsDb.Hsapiens.v75''
2025-11-24 08:40:12.990 R[49949:235917] XType: Using static font registry.
Quitting from pQTLdata.Rmd:125-153 [refdata]
~~~~~~~~~~~~~~~~~~~~~~~~~~~~~~~~~~~~~~~~~~~~~~~~~~~~~~~~~~~~~~~~~~~~~~~~~~~~~~~~
<error/rlang_error>
Error in `h()`:
! error in evaluating the argument 'x' in selecting a method for function 'metadata': object 'EnsDb.Hsapiens.v75' not found
---
Backtrace:
▆
1. ├─ensembldb::metadata(EnsDb.Hsapiens.v75)
2. └─base::.handleSimpleError(...)
3. └─base (local) h(simpleError(msg, call))
~~~~~~~~~~~~~~~~~~~~~~~~~~~~~~~~~~~~~~~~~~~~~~~~~~~~~~~~~~~~~~~~~~~~~~~~~~~~~~~~
Error: processing vignette 'pQTLdata.Rmd' failed with diagnostics:
error in evaluating the argument 'x' in selecting a method for function 'metadata': object 'EnsDb.Hsapiens.v75' not found
--- failed re-building ‘pQTLdata.Rmd’
SUMMARY: processing the following file failed:
‘pQTLdata.Rmd’
Error: Vignette re-building failed.
Execution halted
Flavor: r-oldrel-macos-arm64