Last updated on 2025-06-27 01:49:38 CEST.
Flavor | Version | Tinstall | Tcheck | Ttotal | Status | Flags |
---|---|---|---|---|---|---|
r-devel-linux-x86_64-debian-clang | 0.2.9 | 5.87 | 58.97 | 64.84 | NOTE | |
r-devel-linux-x86_64-debian-gcc | 0.2.9 | 4.07 | 43.34 | 47.41 | NOTE | |
r-devel-linux-x86_64-fedora-clang | 0.2.9 | 100.35 | OK | |||
r-devel-linux-x86_64-fedora-gcc | 0.2.9 | 101.71 | OK | |||
r-devel-windows-x86_64 | 0.2.9 | 7.00 | 73.00 | 80.00 | OK | |
r-patched-linux-x86_64 | OK | |||||
r-release-linux-x86_64 | 0.2.9 | 5.34 | 53.42 | 58.76 | OK | |
r-release-macos-arm64 | 0.2.9 | 52.00 | OK | |||
r-release-macos-x86_64 | 0.2.9 | 75.00 | OK | |||
r-release-windows-x86_64 | 0.2.9 | 8.00 | 74.00 | 82.00 | OK | |
r-oldrel-macos-arm64 | 0.2.9 | 38.00 | OK | |||
r-oldrel-macos-x86_64 | 0.2.9 | 60.00 | OK | |||
r-oldrel-windows-x86_64 | 0.2.9 | 11.00 | 88.00 | 99.00 | OK |
Version: 0.2.9
Check: CRAN incoming feasibility
Result: NOTE
Maintainer: ‘Aaron Wolen <aaron@wolen.com>’
Package CITATION file contains call(s) to old-style citEntry(). Please
use bibentry() instead.
Flavors: r-devel-linux-x86_64-debian-clang, r-devel-linux-x86_64-debian-gcc