Last updated on 2025-11-24 00:48:49 CET.
| Flavor | Version | Tinstall | Tcheck | Ttotal | Status | Flags |
|---|---|---|---|---|---|---|
| r-devel-linux-x86_64-debian-clang | 0.2.7 | 10.48 | 86.63 | 97.11 | NOTE | |
| r-devel-linux-x86_64-debian-gcc | 0.2.7 | 7.57 | 61.06 | 68.63 | NOTE | |
| r-devel-linux-x86_64-fedora-clang | 0.2.7 | 21.00 | 130.50 | 151.50 | NOTE | |
| r-devel-linux-x86_64-fedora-gcc | 0.2.7 | 22.00 | 123.71 | 145.71 | NOTE | |
| r-devel-windows-x86_64 | 0.2.7 | 14.00 | 87.00 | 101.00 | NOTE | |
| r-patched-linux-x86_64 | 0.2.7 | 9.05 | 80.63 | 89.68 | NOTE | |
| r-release-linux-x86_64 | 0.2.7 | 9.63 | 80.27 | 89.90 | NOTE | |
| r-release-macos-arm64 | 0.2.7 | NOTE | ||||
| r-release-macos-x86_64 | 0.2.7 | 10.00 | 75.00 | 85.00 | NOTE | |
| r-release-windows-x86_64 | 0.2.7 | 11.00 | 91.00 | 102.00 | NOTE | |
| r-oldrel-macos-arm64 | 0.2.7 | NOTE | ||||
| r-oldrel-macos-x86_64 | 0.2.7 | 7.00 | 51.00 | 58.00 | NOTE | |
| r-oldrel-windows-x86_64 | 0.2.7 | 14.00 | 111.00 | 125.00 | NOTE |
Version: 0.2.7
Check: CRAN incoming feasibility
Result: NOTE
Maintainer: ‘Brandon Whitcher <bwhitcher@gmail.com>’
No Authors@R field in DESCRIPTION.
Please add one, modifying
Authors@R: person(given = "Brandon",
family = "Whitcher",
role = c("aut", "cre"),
email = "bwhitcher@gmail.com")
as necessary.
Flavors: r-devel-linux-x86_64-debian-clang, r-devel-linux-x86_64-debian-gcc
Version: 0.2.7
Check: Rd files
Result: NOTE
checkRd: (-1) hillEquation.Rd:29: Lost braces in \itemize; \value handles \item{}{} directly
checkRd: (-1) hillEquation.Rd:30: Lost braces in \itemize; \value handles \item{}{} directly
checkRd: (-1) hillEquation.Rd:30-31: Lost braces in \itemize; \value handles \item{}{} directly
checkRd: (-1) hillEquation.Rd:31: Lost braces in \itemize; \value handles \item{}{} directly
checkRd: (-1) hillEquation.Rd:32: Lost braces in \itemize; \value handles \item{}{} directly
checkRd: (-1) hillEquation.Rd:33: Lost braces in \itemize; \value handles \item{}{} directly
checkRd: (-1) hillEquation.Rd:34: Lost braces in \itemize; \value handles \item{}{} directly
checkRd: (-1) hillEquation.Rd:35: Lost braces in \itemize; \value handles \item{}{} directly
checkRd: (-1) qiba.Rd:81-83: Lost braces in \itemize; \value handles \item{}{} directly
checkRd: (-1) qiba.Rd:84-85: Lost braces in \itemize; \value handles \item{}{} directly
checkRd: (-1) qiba.Rd:86-87: Lost braces in \itemize; \value handles \item{}{} directly
checkRd: (-1) qiba.Rd:88-90: Lost braces in \itemize; \value handles \item{}{} directly
checkRd: (-1) qiba.Rd:91-93: Lost braces in \itemize; \value handles \item{}{} directly
Flavors: r-devel-linux-x86_64-debian-clang, r-devel-linux-x86_64-debian-gcc, r-devel-linux-x86_64-fedora-clang, r-devel-linux-x86_64-fedora-gcc, r-devel-windows-x86_64, r-patched-linux-x86_64, r-release-linux-x86_64, r-release-macos-arm64, r-release-macos-x86_64, r-release-windows-x86_64, r-oldrel-macos-arm64, r-oldrel-macos-x86_64, r-oldrel-windows-x86_64