Last updated on 2025-07-04 01:50:02 CEST.
Flavor | Version | Tinstall | Tcheck | Ttotal | Status | Flags |
---|---|---|---|---|---|---|
r-devel-linux-x86_64-debian-clang | 1.0.5 | 166.62 | 155.43 | 322.05 | OK | |
r-devel-linux-x86_64-debian-gcc | 1.0.5 | 110.16 | 112.47 | 222.63 | OK | |
r-devel-linux-x86_64-fedora-clang | 1.0.5 | 519.39 | OK | |||
r-devel-linux-x86_64-fedora-gcc | 1.0.5 | 523.98 | OK | |||
r-devel-windows-x86_64 | 1.0.5 | 182.00 | 198.00 | 380.00 | OK | |
r-patched-linux-x86_64 | 1.0.5 | 164.71 | 145.50 | 310.21 | OK | |
r-release-linux-x86_64 | 1.0.5 | 152.70 | 143.71 | 296.41 | OK | |
r-release-macos-arm64 | 1.0.4 | 130.00 | NOTE | |||
r-release-macos-x86_64 | 1.0.5 | 209.00 | OK | |||
r-oldrel-macos-arm64 | 1.0.4 | 131.00 | NOTE | |||
r-oldrel-macos-x86_64 | 1.0.5 | 210.00 | NOTE | |||
r-oldrel-windows-x86_64 | 1.0.5 | 222.00 | 260.00 | 482.00 | NOTE |
Version: 1.0.4
Check: C++ specification
Result: NOTE
Specified C++11: please drop specification unless essential
Flavors: r-release-macos-arm64, r-oldrel-macos-arm64
Version: 1.0.4
Check: package dependencies
Result: NOTE
Package suggested but not available for checking: ‘gurobi’
Flavor: r-oldrel-macos-arm64
Version: 1.0.4
Check: installed package size
Result: NOTE
installed size is 7.8Mb
sub-directories of 1Mb or more:
libs 6.2Mb
Flavor: r-oldrel-macos-arm64
Version: 1.0.5
Check: package dependencies
Result: NOTE
Package suggested but not available for checking: ‘gurobi’
Flavors: r-oldrel-macos-x86_64, r-oldrel-windows-x86_64
Version: 1.0.5
Check: installed package size
Result: NOTE
installed size is 7.7Mb
sub-directories of 1Mb or more:
libs 6.3Mb
Flavor: r-oldrel-macos-x86_64