Last updated on 2025-11-24 00:48:49 CET.
| Flavor | Version | Tinstall | Tcheck | Ttotal | Status | Flags |
|---|---|---|---|---|---|---|
| r-devel-linux-x86_64-debian-clang | 0.7.4 | 9.84 | 74.51 | 84.35 | NOTE | |
| r-devel-linux-x86_64-debian-gcc | 0.7.4 | 6.81 | 53.78 | 60.59 | NOTE | |
| r-devel-linux-x86_64-fedora-clang | 0.7.4 | 24.00 | 105.54 | 129.54 | NOTE | |
| r-devel-linux-x86_64-fedora-gcc | 0.7.4 | 23.00 | 117.37 | 140.37 | NOTE | |
| r-devel-windows-x86_64 | 0.7.4 | 16.00 | 84.00 | 100.00 | NOTE | |
| r-patched-linux-x86_64 | 0.7.4 | 10.13 | 66.34 | 76.47 | NOTE | |
| r-release-linux-x86_64 | 0.7.4 | 9.46 | 66.79 | 76.25 | NOTE | |
| r-release-macos-arm64 | 0.7.4 | NOTE | ||||
| r-release-macos-x86_64 | 0.7.4 | 8.00 | 74.00 | 82.00 | NOTE | |
| r-release-windows-x86_64 | 0.7.4 | 12.00 | 84.00 | 96.00 | NOTE | |
| r-oldrel-macos-arm64 | 0.7.4 | OK | ||||
| r-oldrel-macos-x86_64 | 0.7.4 | 9.00 | 106.00 | 115.00 | OK | |
| r-oldrel-windows-x86_64 | 0.7.4 | 17.00 | 103.00 | 120.00 | OK |
Version: 0.7.4
Check: DESCRIPTION meta-information
Result: NOTE
Missing dependency on R >= 4.1.0 because package code uses the pipe
|> or function shorthand \(...) syntax added in R 4.1.0.
File(s) using such syntax:
‘1onto.R’ ‘edit_matches.R’
Flavors: r-devel-linux-x86_64-debian-clang, r-devel-linux-x86_64-debian-gcc, r-devel-linux-x86_64-fedora-clang, r-devel-linux-x86_64-fedora-gcc, r-devel-windows-x86_64, r-patched-linux-x86_64, r-release-linux-x86_64, r-release-macos-arm64, r-release-macos-x86_64, r-release-windows-x86_64