Last updated on 2025-11-24 00:48:49 CET.
| Flavor | Version | Tinstall | Tcheck | Ttotal | Status | Flags |
|---|---|---|---|---|---|---|
| r-devel-linux-x86_64-debian-clang | 0.2.0 | 3.30 | 36.97 | 40.27 | OK | |
| r-devel-linux-x86_64-debian-gcc | 0.2.0 | 2.52 | 28.34 | 30.86 | OK | |
| r-devel-linux-x86_64-fedora-clang | 0.2.0 | 59.16 | NOTE | |||
| r-devel-linux-x86_64-fedora-gcc | 0.2.0 | 56.51 | NOTE | |||
| r-devel-windows-x86_64 | 0.2.0 | 6.00 | 54.00 | 60.00 | OK | |
| r-patched-linux-x86_64 | 0.2.0 | 3.63 | 33.42 | 37.05 | OK | |
| r-release-linux-x86_64 | 0.2.0 | 3.51 | 33.22 | 36.73 | OK | |
| r-release-macos-arm64 | 0.2.0 | OK | ||||
| r-release-macos-x86_64 | 0.2.0 | 3.00 | 30.00 | 33.00 | OK | |
| r-release-windows-x86_64 | 0.2.0 | 6.00 | 53.00 | 59.00 | OK | |
| r-oldrel-macos-arm64 | 0.2.0 | NOTE | ||||
| r-oldrel-macos-x86_64 | 0.2.0 | 2.00 | 27.00 | 29.00 | NOTE | |
| r-oldrel-windows-x86_64 | 0.2.0 | 7.00 | 63.00 | 70.00 | NOTE |
Version: 0.2.0
Check: dependencies in R code
Result: NOTE
Namespaces in Imports field not imported from:
‘e1071’ ‘fs’ ‘pdp’
All declared Imports should be used.
Flavors: r-devel-linux-x86_64-fedora-clang, r-devel-linux-x86_64-fedora-gcc
Version: 0.2.0
Check: LazyData
Result: NOTE
'LazyData' is specified without a 'data' directory
Flavors: r-oldrel-macos-arm64, r-oldrel-macos-x86_64, r-oldrel-windows-x86_64